Last updated on 2024-04-23 10:54:12 CEST.
Flavor | Version | Tinstall | Tcheck | Ttotal | Status | Flags |
---|---|---|---|---|---|---|
r-devel-linux-x86_64-debian-clang | 0.1.0 | 8.11 | 54.48 | 62.59 | OK | |
r-devel-linux-x86_64-debian-gcc | 0.1.0 | 5.57 | 42.75 | 48.32 | OK | |
r-devel-linux-x86_64-fedora-clang | 0.1.0 | 81.86 | NOTE | |||
r-devel-linux-x86_64-fedora-gcc | 0.1.0 | 94.05 | NOTE | |||
r-prerel-macos-arm64 | 0.1.0 | 37.00 | OK | |||
r-prerel-windows-x86_64 | 0.1.0 | 8.00 | 63.00 | 71.00 | OK | |
r-patched-linux-x86_64 | 0.1.0 | 6.83 | 54.79 | 61.62 | OK | |
r-release-linux-x86_64 | 0.1.0 | 4.67 | 53.00 | 57.67 | OK | |
r-release-macos-arm64 | 0.1.0 | 37.00 | OK | |||
r-release-macos-x86_64 | 0.1.0 | 50.00 | OK | |||
r-release-windows-x86_64 | 0.1.0 | 11.00 | 69.00 | 80.00 | OK | |
r-oldrel-macos-arm64 | 0.1.0 | 39.00 | NOTE | |||
r-oldrel-windows-x86_64 | 0.1.0 | 11.00 | 77.00 | 88.00 | OK |
Version: 0.1.0
Check: data for non-ASCII characters
Result: NOTE
Note: found 114 marked UTF-8 strings
Flavors: r-devel-linux-x86_64-fedora-clang, r-devel-linux-x86_64-fedora-gcc, r-oldrel-macos-arm64