CRAN Package Check Results for Package pharmaversesdtm

Last updated on 2024-02-20 12:55:09 CET.

Flavor Version Tinstall Tcheck Ttotal Status Flags
r-devel-linux-x86_64-debian-clang 0.2.0 OK
r-devel-linux-x86_64-debian-gcc 0.2.0 13.76 31.78 45.54 OK
r-devel-linux-x86_64-fedora-clang 0.2.0 72.01 NOTE
r-devel-linux-x86_64-fedora-gcc 0.2.0 71.98 NOTE
r-devel-windows-x86_64 0.2.0 21.00 63.00 84.00 OK
r-patched-linux-x86_64 0.2.0 16.47 38.83 55.30 OK
r-release-linux-x86_64 0.2.0 14.74 39.21 53.95 OK
r-release-macos-arm64 0.2.0 39.00 OK
r-release-macos-x86_64 0.2.0 99.00 OK
r-release-windows-x86_64 0.2.0 21.00 72.00 93.00 OK
r-oldrel-macos-arm64 0.2.0 39.00 OK
r-oldrel-windows-x86_64 0.2.0 29.00 71.00 100.00 OK

Check Details

Version: 0.2.0
Check: data for non-ASCII characters
Result: NOTE Note: found 3 marked UTF-8 strings Flavors: r-devel-linux-x86_64-fedora-clang, r-devel-linux-x86_64-fedora-gcc