CRAN Package Check Results for Package phacking

Last updated on 2022-09-28 12:55:24 CEST.

Flavor Version Tinstall Tcheck Ttotal Status Flags
r-devel-linux-x86_64-debian-clang 0.0.1 125.01 136.20 261.21 NOTE
r-devel-linux-x86_64-debian-gcc 0.0.1 115.82 110.32 226.14 NOTE
r-devel-linux-x86_64-fedora-clang 0.0.1 339.85 NOTE
r-devel-linux-x86_64-fedora-gcc 0.0.1 374.65 NOTE
r-devel-windows-x86_64 0.0.1 99.00 198.00 297.00 NOTE
r-patched-linux-x86_64 0.0.1 118.03 144.69 262.72 NOTE
r-release-linux-x86_64 0.0.1 116.40 147.04 263.44 NOTE
r-release-macos-arm64 0.0.1 98.00 NOTE
r-release-macos-x86_64 0.0.1 130.00 NOTE
r-release-windows-x86_64 0.0.1 93.00 194.00 287.00 NOTE
r-oldrel-macos-arm64 0.0.1 93.00 NOTE
r-oldrel-macos-x86_64 0.0.1 135.00 NOTE
r-oldrel-windows-ix86+x86_64 0.0.1 255.00 18.00 273.00 ERROR

Check Details

Version: 0.0.1
Check: for GNU extensions in Makefiles
Result: NOTE
    GNU make is a SystemRequirements.
Flavors: r-devel-linux-x86_64-debian-clang, r-devel-linux-x86_64-debian-gcc, r-devel-linux-x86_64-fedora-clang, r-devel-linux-x86_64-fedora-gcc, r-devel-windows-x86_64, r-patched-linux-x86_64, r-release-linux-x86_64, r-release-macos-arm64, r-release-macos-x86_64, r-release-windows-x86_64, r-oldrel-macos-arm64, r-oldrel-macos-x86_64

Version: 0.0.1
Check: dependencies in R code
Result: NOTE
    Namespaces in Imports field not imported from:
     ‘RcppParallel’ ‘rstantools’
     All declared Imports should be used.
Flavors: r-devel-linux-x86_64-fedora-clang, r-devel-linux-x86_64-fedora-gcc, r-release-macos-arm64, r-release-macos-x86_64, r-oldrel-macos-arm64, r-oldrel-macos-x86_64

Version: 0.0.1
Check: installed package size
Result: NOTE
     installed size is 33.3Mb
     sub-directories of 1Mb or more:
     libs 33.1Mb
Flavors: r-release-macos-arm64, r-release-macos-x86_64, r-oldrel-macos-arm64, r-oldrel-macos-x86_64

Version: 0.0.1
Check: whether package can be installed
Result: ERROR
    Installation failed.
Flavor: r-oldrel-windows-ix86+x86_64