CRAN Package Check Results for Package ph2mult

Last updated on 2025-04-27 10:50:50 CEST.

Flavor Version Tinstall Tcheck Ttotal Status Flags
r-devel-linux-x86_64-debian-clang 0.1.1 2.29 24.64 26.93 OK
r-devel-linux-x86_64-debian-gcc 0.1.1 1.78 18.46 20.24 OK
r-devel-linux-x86_64-fedora-clang 0.1.1 43.28 OK
r-devel-linux-x86_64-fedora-gcc 0.1.1 40.30 OK
r-devel-windows-x86_64 0.1.1 3.00 52.00 55.00 OK
r-patched-linux-x86_64 0.1.1 2.40 23.35 25.75 OK
r-release-linux-x86_64 0.1.1 2.29 23.66 25.95 OK
r-release-macos-arm64 0.1.1 19.00 OK
r-release-macos-x86_64 0.1.1 28.00 OK
r-release-windows-x86_64 0.1.1 4.00 52.00 56.00 OK
r-oldrel-macos-arm64 0.1.1 17.00 NOTE
r-oldrel-macos-x86_64 0.1.1 27.00 NOTE
r-oldrel-windows-x86_64 0.1.1 3.00 51.00 54.00 NOTE

Check Details

Version: 0.1.1
Check: LazyData
Result: NOTE 'LazyData' is specified without a 'data' directory Flavors: r-oldrel-macos-arm64, r-oldrel-macos-x86_64, r-oldrel-windows-x86_64