CRAN Package Check Results for Package ph2mult

Last updated on 2024-04-18 12:52:54 CEST.

Flavor Version Tinstall Tcheck Ttotal Status Flags
r-devel-linux-x86_64-debian-clang 0.1.1 2.77 31.54 34.31 NOTE
r-devel-linux-x86_64-debian-gcc 0.1.1 2.17 23.58 25.75 NOTE
r-devel-linux-x86_64-fedora-clang 0.1.1 43.18 NOTE
r-devel-linux-x86_64-fedora-gcc 0.1.1 41.37 NOTE
r-prerel-macos-arm64 0.1.1 17.00 NOTE
r-prerel-windows-x86_64 0.1.1 4.00 50.00 54.00 NOTE
r-patched-linux-x86_64 0.1.1 3.31 30.03 33.34 NOTE
r-release-linux-x86_64 0.1.1 2.42 30.63 33.05 NOTE
r-release-macos-arm64 0.1.1 17.00 NOTE
r-release-macos-x86_64 0.1.1 25.00 NOTE
r-release-windows-x86_64 0.1.1 3.00 51.00 54.00 NOTE
r-oldrel-macos-arm64 0.1.1 18.00 NOTE
r-oldrel-windows-x86_64 0.1.1 4.00 55.00 59.00 NOTE

Check Details

Version: 0.1.1
Check: LazyData
Result: NOTE 'LazyData' is specified without a 'data' directory Flavors: r-devel-linux-x86_64-debian-clang, r-devel-linux-x86_64-debian-gcc, r-devel-linux-x86_64-fedora-clang, r-devel-linux-x86_64-fedora-gcc, r-prerel-macos-arm64, r-prerel-windows-x86_64, r-patched-linux-x86_64, r-release-linux-x86_64, r-release-macos-arm64, r-release-macos-x86_64, r-release-windows-x86_64, r-oldrel-macos-arm64, r-oldrel-windows-x86_64