CRAN Package Check Results for Package ph2bye

Last updated on 2022-06-26 11:52:39 CEST.

Flavor Version Tinstall Tcheck Ttotal Status Flags
r-devel-linux-x86_64-debian-clang 0.1.4 17.43 49.51 66.94 NOTE
r-devel-linux-x86_64-debian-gcc 0.1.4 13.75 29.87 43.62 NOTE
r-devel-linux-x86_64-fedora-clang 0.1.4 94.44 NOTE
r-devel-linux-x86_64-fedora-gcc 0.1.4 81.09 NOTE
r-devel-windows-x86_64 0.1.4 23.00 82.00 105.00 NOTE
r-patched-linux-x86_64 0.1.4 16.00 38.74 54.74 NOTE
r-release-linux-x86_64 0.1.4 14.72 39.63 54.35 NOTE
r-release-macos-arm64 0.1.4 24.00 NOTE
r-release-macos-x86_64 0.1.4 35.00 NOTE
r-release-windows-x86_64 0.1.4 25.00 86.00 111.00 NOTE
r-oldrel-macos-arm64 0.1.4 27.00 NOTE
r-oldrel-macos-x86_64 0.1.4 41.00 NOTE
r-oldrel-windows-ix86+x86_64 0.1.4 46.00 99.00 145.00 NOTE

Check Details

Version: 0.1.4
Check: LazyData
Result: NOTE
     'LazyData' is specified without a 'data' directory
Flavors: r-devel-linux-x86_64-debian-clang, r-devel-linux-x86_64-debian-gcc, r-devel-linux-x86_64-fedora-clang, r-devel-linux-x86_64-fedora-gcc, r-devel-windows-x86_64, r-patched-linux-x86_64, r-release-linux-x86_64, r-release-macos-arm64, r-release-macos-x86_64, r-release-windows-x86_64, r-oldrel-macos-arm64, r-oldrel-macos-x86_64, r-oldrel-windows-ix86+x86_64

Version: 0.1.4
Check: for non-standard things in the check directory
Result: NOTE
    Found the following files/directories:
     'animation.gif'
Flavors: r-devel-linux-x86_64-debian-clang, r-devel-linux-x86_64-debian-gcc, r-devel-linux-x86_64-fedora-clang, r-devel-linux-x86_64-fedora-gcc, r-patched-linux-x86_64, r-release-linux-x86_64

Version: 0.1.4
Check: compiled code
Result: NOTE
    File ‘ph2bye/libs/ph2bye.so’:
     Found no calls to: ‘R_registerRoutines’, ‘R_useDynamicSymbols’
    
    It is good practice to register native routines and to disable symbol
    search.
    
    See ‘Writing portable packages’ in the ‘Writing R Extensions’ manual.
Flavors: r-devel-linux-x86_64-fedora-clang, r-devel-linux-x86_64-fedora-gcc