Last updated on 2023-11-28 13:51:03 CET.
Flavor | Version | Tinstall | Tcheck | Ttotal | Status | Flags |
---|---|---|---|---|---|---|
r-devel-linux-x86_64-debian-clang | 1.0.0 | 33.49 | 108.70 | 142.19 | NOTE | |
r-devel-linux-x86_64-debian-gcc | 1.0.0 | 25.72 | 82.66 | 108.38 | NOTE | |
r-devel-linux-x86_64-fedora-clang | 1.0.0 | 189.27 | NOTE | |||
r-devel-linux-x86_64-fedora-gcc | 1.0.0 | 199.75 | NOTE | |||
r-devel-windows-x86_64 | 1.0.0 | 30.00 | 123.00 | 153.00 | NOTE | |
r-patched-linux-x86_64 | 1.0.0 | 26.71 | 106.11 | 132.82 | NOTE | |
r-release-linux-x86_64 | 1.0.0 | 21.44 | 106.61 | 128.05 | NOTE | |
r-release-macos-arm64 | 1.0.0 | 65.00 | NOTE | |||
r-release-macos-x86_64 | 1.0.0 | 115.00 | NOTE | |||
r-release-windows-x86_64 | 1.0.0 | 39.00 | 143.00 | 182.00 | NOTE | |
r-oldrel-macos-arm64 | 1.0.0 | 50.00 | OK | |||
r-oldrel-macos-x86_64 | 1.0.0 | 78.00 | OK | |||
r-oldrel-windows-x86_64 | 1.0.0 | 36.00 | 140.00 | 176.00 | OK |
Version: 1.0.0
Check: C++ specification
Result: NOTE
Specified C++11: please drop specification unless essential
Flavors: r-devel-linux-x86_64-debian-clang, r-devel-linux-x86_64-debian-gcc, r-devel-linux-x86_64-fedora-clang, r-devel-linux-x86_64-fedora-gcc, r-devel-windows-x86_64, r-patched-linux-x86_64, r-release-linux-x86_64, r-release-macos-arm64, r-release-macos-x86_64, r-release-windows-x86_64