Last updated on 2022-06-29 11:52:17 CEST.
Flavor | Version | Tinstall | Tcheck | Ttotal | Status | Flags |
---|---|---|---|---|---|---|
r-devel-linux-x86_64-debian-clang | 2.0.0 | 28.42 | 288.53 | 316.95 | OK | |
r-devel-linux-x86_64-debian-gcc | 2.0.0 | 24.55 | 214.49 | 239.04 | OK | |
r-devel-linux-x86_64-fedora-clang | 2.0.0 | 381.20 | NOTE | |||
r-devel-linux-x86_64-fedora-gcc | 2.0.0 | 386.06 | OK | |||
r-devel-windows-x86_64 | 2.0.0 | 51.00 | 286.00 | 337.00 | OK | |
r-patched-linux-x86_64 | 2.0.0 | 26.91 | 273.56 | 300.47 | OK | |
r-release-linux-x86_64 | 2.0.0 | 26.71 | 283.23 | 309.94 | OK | |
r-release-macos-arm64 | 2.0.0 | 92.00 | OK | |||
r-release-macos-x86_64 | 2.0.0 | 118.00 | OK | |||
r-release-windows-x86_64 | 2.0.0 | 53.00 | 301.00 | 354.00 | OK | |
r-oldrel-macos-arm64 | 2.0.0 | 68.00 | OK | |||
r-oldrel-macos-x86_64 | 2.0.0 | 112.00 | OK | |||
r-oldrel-windows-ix86+x86_64 | 2.0.0 | 70.00 | 295.00 | 365.00 | OK |
Version: 2.0.0
Check: Rd cross-references
Result: NOTE
Undeclared packages ‘classInt’, ‘maptools’, ‘PMCMR’, ‘agricolae’, ‘rgdal’, ‘plotrix’, ‘AICcmodavg’ in Rd xrefs
Flavor: r-devel-linux-x86_64-fedora-clang