CRAN Package Check Results for Package peruse

Last updated on 2023-02-02 11:54:10 CET.

Flavor Version Tinstall Tcheck Ttotal Status Flags
r-devel-linux-x86_64-debian-clang 0.3.1 2.07 31.31 33.38 NOTE
r-devel-linux-x86_64-debian-gcc 0.3.1 2.27 24.70 26.97 NOTE
r-devel-linux-x86_64-fedora-clang 0.3.1 45.23 NOTE
r-devel-linux-x86_64-fedora-gcc 0.3.1 43.16 NOTE
r-patched-linux-x86_64 0.3.1 2.73 30.56 33.29 NOTE
r-release-linux-x86_64 0.3.1 2.38 31.21 33.59 NOTE
r-release-macos-arm64 0.3.1 19.00 NOTE
r-release-macos-x86_64 0.3.1 24.00 NOTE
r-release-windows-x86_64 0.3.1 17.00 63.00 80.00 NOTE
r-oldrel-macos-arm64 0.3.1 19.00 NOTE
r-oldrel-macos-x86_64 0.3.1 29.00 NOTE
r-oldrel-windows-ix86+x86_64 0.3.1 7.00 55.00 62.00 NOTE

Check Details

Version: 0.3.1
Check: LazyData
Result: NOTE
     'LazyData' is specified without a 'data' directory
Flavors: r-devel-linux-x86_64-debian-clang, r-devel-linux-x86_64-debian-gcc, r-devel-linux-x86_64-fedora-clang, r-devel-linux-x86_64-fedora-gcc, r-patched-linux-x86_64, r-release-linux-x86_64, r-release-macos-arm64, r-release-macos-x86_64, r-release-windows-x86_64, r-oldrel-macos-arm64, r-oldrel-macos-x86_64, r-oldrel-windows-ix86+x86_64