CRAN Package Check Results for Package peruse

Last updated on 2022-06-26 11:52:39 CEST.

Flavor Version Tinstall Tcheck Ttotal Status Flags
r-devel-linux-x86_64-debian-clang 0.3.1 2.95 31.35 34.30 NOTE
r-devel-linux-x86_64-debian-gcc 0.3.1 2.20 24.49 26.69 NOTE
r-devel-linux-x86_64-fedora-clang 0.3.1 52.14 NOTE
r-devel-linux-x86_64-fedora-gcc 0.3.1 51.65 NOTE
r-devel-windows-x86_64 0.3.1 17.00 56.00 73.00 NOTE
r-patched-linux-x86_64 0.3.1 2.60 30.33 32.93 NOTE
r-release-linux-x86_64 0.3.1 2.02 29.99 32.01 NOTE
r-release-macos-arm64 0.3.1 19.00 NOTE
r-release-macos-x86_64 0.3.1 24.00 NOTE
r-release-windows-x86_64 0.3.1 16.00 60.00 76.00 NOTE
r-oldrel-macos-arm64 0.3.1 19.00 NOTE
r-oldrel-macos-x86_64 0.3.1 29.00 NOTE
r-oldrel-windows-ix86+x86_64 0.3.1 7.00 56.00 63.00 NOTE

Check Details

Version: 0.3.1
Check: LazyData
Result: NOTE
     'LazyData' is specified without a 'data' directory
Flavors: r-devel-linux-x86_64-debian-clang, r-devel-linux-x86_64-debian-gcc, r-devel-linux-x86_64-fedora-clang, r-devel-linux-x86_64-fedora-gcc, r-devel-windows-x86_64, r-patched-linux-x86_64, r-release-linux-x86_64, r-release-macos-arm64, r-release-macos-x86_64, r-release-windows-x86_64, r-oldrel-macos-arm64, r-oldrel-macos-x86_64, r-oldrel-windows-ix86+x86_64