CRAN Package Check Results for Package personr

Last updated on 2023-12-06 11:52:34 CET.

Flavor Version Tinstall Tcheck Ttotal Status Flags
r-devel-linux-x86_64-debian-clang 1.0.0 2.98 24.30 27.28 NOTE
r-devel-linux-x86_64-debian-gcc 1.0.0 2.78 18.83 21.61 NOTE
r-devel-linux-x86_64-fedora-clang 1.0.0 35.00 NOTE
r-devel-linux-x86_64-fedora-gcc 1.0.0 33.04 NOTE
r-devel-windows-x86_64 1.0.0 5.00 42.00 47.00 NOTE
r-patched-linux-x86_64 1.0.0 3.39 23.45 26.84 NOTE
r-release-linux-x86_64 1.0.0 3.54 24.05 27.59 NOTE
r-release-macos-arm64 1.0.0 20.00 NOTE
r-release-macos-x86_64 1.0.0 21.00 NOTE
r-release-windows-x86_64 1.0.0 6.00 41.00 47.00 NOTE
r-oldrel-macos-arm64 1.0.0 17.00 NOTE
r-oldrel-macos-x86_64 1.0.0 27.00 NOTE
r-oldrel-windows-x86_64 1.0.0 5.00 46.00 51.00 NOTE

Check Details

Version: 1.0.0
Check: LazyData
Result: NOTE 'LazyData' is specified without a 'data' directory Flavors: r-devel-linux-x86_64-debian-clang, r-devel-linux-x86_64-debian-gcc, r-devel-linux-x86_64-fedora-clang, r-devel-linux-x86_64-fedora-gcc, r-devel-windows-x86_64, r-patched-linux-x86_64, r-release-linux-x86_64, r-release-macos-arm64, r-release-macos-x86_64, r-release-windows-x86_64, r-oldrel-macos-arm64, r-oldrel-macos-x86_64, r-oldrel-windows-x86_64