CRAN Package Check Results for Package personr

Last updated on 2022-06-26 11:52:39 CEST.

Flavor Version Tinstall Tcheck Ttotal Status Flags
r-devel-linux-x86_64-debian-clang 1.0.0 3.56 26.29 29.85 NOTE
r-devel-linux-x86_64-debian-gcc 1.0.0 2.78 20.06 22.84 NOTE
r-devel-linux-x86_64-fedora-clang 1.0.0 46.50 NOTE
r-devel-linux-x86_64-fedora-gcc 1.0.0 44.93 NOTE
r-devel-windows-x86_64 1.0.0 10.00 52.00 62.00 NOTE
r-patched-linux-x86_64 1.0.0 3.07 24.89 27.96 NOTE
r-release-linux-x86_64 1.0.0 2.46 25.62 28.08 NOTE
r-release-macos-arm64 1.0.0 17.00 NOTE
r-release-macos-x86_64 1.0.0 27.00 NOTE
r-release-windows-x86_64 1.0.0 11.00 57.00 68.00 NOTE
r-oldrel-macos-arm64 1.0.0 18.00 NOTE
r-oldrel-macos-x86_64 1.0.0 26.00 NOTE
r-oldrel-windows-ix86+x86_64 1.0.0 10.00 46.00 56.00 NOTE

Check Details

Version: 1.0.0
Check: LazyData
Result: NOTE
     'LazyData' is specified without a 'data' directory
Flavors: r-devel-linux-x86_64-debian-clang, r-devel-linux-x86_64-debian-gcc, r-devel-linux-x86_64-fedora-clang, r-devel-linux-x86_64-fedora-gcc, r-devel-windows-x86_64, r-patched-linux-x86_64, r-release-linux-x86_64, r-release-macos-arm64, r-release-macos-x86_64, r-release-windows-x86_64, r-oldrel-macos-arm64, r-oldrel-macos-x86_64, r-oldrel-windows-ix86+x86_64