Last updated on 2022-07-01 11:52:07 CEST.
Flavor | Version | Tinstall | Tcheck | Ttotal | Status | Flags |
---|---|---|---|---|---|---|
r-devel-linux-x86_64-debian-clang | 0.0.1 | 83.40 | 147.70 | 231.10 | NOTE | |
r-devel-linux-x86_64-debian-gcc | 0.0.1 | 70.72 | 108.13 | 178.85 | NOTE | |
r-devel-linux-x86_64-fedora-clang | 0.0.1 | 327.55 | NOTE | |||
r-devel-linux-x86_64-fedora-gcc | 0.0.1 | 311.39 | NOTE | |||
r-devel-windows-x86_64 | 0.0.1 | 182.00 | 177.00 | 359.00 | NOTE | |
r-patched-linux-x86_64 | 0.0.1 | 64.70 | 137.54 | 202.24 | NOTE | |
r-release-linux-x86_64 | 0.0.1 | 56.59 | 137.84 | 194.43 | NOTE | |
r-release-macos-arm64 | 0.0.1 | 71.00 | NOTE | |||
r-release-macos-x86_64 | 0.0.1 | 125.00 | NOTE | |||
r-release-windows-x86_64 | 0.0.1 | 98.00 | 178.00 | 276.00 | NOTE | |
r-oldrel-macos-arm64 | 0.0.1 | 82.00 | NOTE | |||
r-oldrel-macos-x86_64 | 0.0.1 | 140.00 | NOTE | |||
r-oldrel-windows-ix86+x86_64 | 0.0.1 | 199.00 | 216.00 | 415.00 | NOTE |
Version: 0.0.1
Check: LazyData
Result: NOTE
'LazyData' is specified without a 'data' directory
Flavors: r-devel-linux-x86_64-debian-clang, r-devel-linux-x86_64-debian-gcc, r-devel-linux-x86_64-fedora-clang, r-devel-linux-x86_64-fedora-gcc, r-devel-windows-x86_64, r-patched-linux-x86_64, r-release-linux-x86_64, r-release-macos-arm64, r-release-macos-x86_64, r-release-windows-x86_64, r-oldrel-macos-arm64, r-oldrel-macos-x86_64, r-oldrel-windows-ix86+x86_64
Version: 0.0.1
Check: installed package size
Result: NOTE
installed size is 10.5Mb
sub-directories of 1Mb or more:
libs 10.2Mb
Flavors: r-devel-linux-x86_64-fedora-clang, r-release-macos-arm64, r-release-macos-x86_64, r-oldrel-macos-arm64, r-oldrel-macos-x86_64