Last updated on 2024-04-23 10:54:12 CEST.
Flavor | Version | Tinstall | Tcheck | Ttotal | Status | Flags |
---|---|---|---|---|---|---|
r-devel-linux-x86_64-debian-clang | 0.2.5 | 8.25 | 87.16 | 95.41 | NOTE | |
r-devel-linux-x86_64-debian-gcc | 0.2.5 | 6.73 | 64.08 | 70.81 | NOTE | |
r-devel-linux-x86_64-fedora-clang | 0.2.5 | 118.50 | NOTE | |||
r-devel-linux-x86_64-fedora-gcc | 0.2.5 | 115.20 | NOTE | |||
r-prerel-macos-arm64 | 0.2.5 | 36.00 | NOTE | |||
r-prerel-windows-x86_64 | 0.2.5 | 9.00 | 80.00 | 89.00 | NOTE | |
r-patched-linux-x86_64 | 0.2.5 | 8.70 | 81.11 | 89.81 | NOTE | |
r-release-linux-x86_64 | 0.2.5 | 7.22 | 85.55 | 92.77 | NOTE | |
r-release-macos-arm64 | 0.2.5 | 42.00 | NOTE | |||
r-release-macos-x86_64 | 0.2.5 | 64.00 | NOTE | |||
r-release-windows-x86_64 | 0.2.5 | 10.00 | 95.00 | 105.00 | NOTE | |
r-oldrel-macos-arm64 | 0.2.5 | 36.00 | NOTE | |||
r-oldrel-windows-x86_64 | 0.2.5 | 12.00 | 98.00 | 110.00 | NOTE |
Version: 0.2.5
Check: LazyData
Result: NOTE
'LazyData' is specified without a 'data' directory
Flavors: r-devel-linux-x86_64-debian-clang, r-devel-linux-x86_64-debian-gcc, r-devel-linux-x86_64-fedora-clang, r-devel-linux-x86_64-fedora-gcc, r-prerel-macos-arm64, r-prerel-windows-x86_64, r-patched-linux-x86_64, r-release-linux-x86_64, r-release-macos-arm64, r-release-macos-x86_64, r-release-windows-x86_64, r-oldrel-macos-arm64, r-oldrel-windows-x86_64