Last updated on 2023-11-29 12:56:57 CET.
Flavor | Version | Tinstall | Tcheck | Ttotal | Status | Flags |
---|---|---|---|---|---|---|
r-devel-linux-x86_64-debian-clang | 1.0 | 2.01 | 74.34 | 76.35 | NOTE | |
r-devel-linux-x86_64-debian-gcc | 1.0 | 2.08 | 55.67 | 57.75 | NOTE | |
r-devel-linux-x86_64-fedora-clang | 1.0 | NOTE | ||||
r-devel-linux-x86_64-fedora-gcc | 1.0 | 110.96 | NOTE | |||
r-devel-windows-x86_64 | 1.0 | 3.00 | 81.00 | 84.00 | NOTE | |
r-patched-linux-x86_64 | 1.0 | 2.94 | 71.00 | 73.94 | NOTE | |
r-release-linux-x86_64 | 1.0 | 2.94 | 70.75 | 73.69 | NOTE | |
r-release-macos-arm64 | 1.0 | 39.00 | NOTE | |||
r-release-macos-x86_64 | 1.0 | 53.00 | NOTE | |||
r-release-windows-x86_64 | 1.0 | 5.00 | 94.00 | 99.00 | NOTE | |
r-oldrel-macos-arm64 | 1.0 | 33.00 | NOTE | |||
r-oldrel-macos-x86_64 | 1.0 | 46.00 | NOTE | |||
r-oldrel-windows-x86_64 | 1.0 | 5.00 | 93.00 | 98.00 | NOTE |
Version: 1.0
Check: package dependencies
Result: NOTE
Package suggested but not available for checking: ‘dendextendRcpp’
Flavors: r-devel-linux-x86_64-debian-clang, r-devel-linux-x86_64-debian-gcc, r-devel-linux-x86_64-fedora-clang, r-devel-linux-x86_64-fedora-gcc, r-devel-windows-x86_64, r-patched-linux-x86_64, r-release-linux-x86_64, r-release-macos-arm64, r-release-macos-x86_64, r-release-windows-x86_64, r-oldrel-macos-arm64, r-oldrel-macos-x86_64, r-oldrel-windows-x86_64
Version: 1.0
Check: Rd \usage sections
Result: NOTE
Documented arguments not in \usage in Rd file 'allTrees.Rd':
‘dist’
Documented arguments not in \usage in Rd file 'getNode.Rd':
‘hc’ ‘pair’
Documented arguments not in \usage in Rd file 'switchEntries.Rd':
‘pair’
Functions with \usage entries need to have the appropriate \alias
entries, and all their arguments documented.
The \usage entries must correspond to syntactically valid R code.
See chapter ‘Writing R documentation files’ in the ‘Writing R
Extensions’ manual.
Flavors: r-devel-linux-x86_64-debian-clang, r-devel-linux-x86_64-debian-gcc, r-devel-linux-x86_64-fedora-clang, r-devel-linux-x86_64-fedora-gcc, r-devel-windows-x86_64