CRAN Package Check Results for Package pergola

Last updated on 2022-06-24 11:52:15 CEST.

Flavor Version Tinstall Tcheck Ttotal Status Flags
r-devel-linux-x86_64-debian-clang 1.0 3.18 68.69 71.87 NOTE
r-devel-linux-x86_64-debian-gcc 1.0 2.46 51.14 53.60 NOTE
r-devel-linux-x86_64-fedora-clang 1.0 97.01 NOTE
r-devel-linux-x86_64-fedora-gcc 1.0 96.09 NOTE
r-devel-windows-x86_64 1.0 23.00 100.00 123.00 NOTE
r-patched-linux-x86_64 1.0 3.33 66.40 69.73 NOTE
r-release-linux-x86_64 1.0 2.55 64.32 66.87 NOTE
r-release-macos-arm64 1.0 33.00 NOTE
r-release-macos-x86_64 1.0 46.00 NOTE
r-release-windows-x86_64 1.0 21.00 108.00 129.00 NOTE
r-oldrel-macos-arm64 1.0 38.00 NOTE
r-oldrel-macos-x86_64 1.0 48.00 NOTE
r-oldrel-windows-ix86+x86_64 1.0 7.00 92.00 99.00 NOTE

Check Details

Version: 1.0
Check: package dependencies
Result: NOTE
    Package suggested but not available for checking: 'dendextendRcpp'
Flavors: r-devel-linux-x86_64-debian-clang, r-devel-linux-x86_64-debian-gcc, r-devel-linux-x86_64-fedora-clang, r-devel-linux-x86_64-fedora-gcc, r-devel-windows-x86_64, r-patched-linux-x86_64, r-release-linux-x86_64, r-release-macos-arm64, r-release-macos-x86_64, r-release-windows-x86_64, r-oldrel-macos-arm64, r-oldrel-macos-x86_64, r-oldrel-windows-ix86+x86_64