Last updated on 2025-05-07 11:55:37 CEST.
Flavor | Version | Tinstall | Tcheck | Ttotal | Status | Flags |
---|---|---|---|---|---|---|
r-devel-linux-x86_64-debian-clang | 1.3.6 | 7.69 | 97.64 | 105.33 | NOTE | |
r-devel-linux-x86_64-debian-gcc | 1.3.6 | 4.52 | 69.98 | 74.50 | NOTE | |
r-devel-linux-x86_64-fedora-clang | 1.3.6 | 167.84 | OK | |||
r-devel-linux-x86_64-fedora-gcc | 1.3.6 | 174.63 | OK | |||
r-devel-windows-x86_64 | 1.3.6 | 8.00 | 122.00 | 130.00 | OK | |
r-patched-linux-x86_64 | 1.3.6 | 6.56 | 94.09 | 100.65 | OK | |
r-release-linux-x86_64 | 1.3.6 | 7.12 | 93.43 | 100.55 | OK | |
r-release-macos-arm64 | 1.3.6 | 69.00 | OK | |||
r-release-macos-x86_64 | 1.3.6 | 136.00 | OK | |||
r-release-windows-x86_64 | 1.3.6 | 8.00 | 123.00 | 131.00 | OK | |
r-oldrel-macos-arm64 | 1.3.6 | 57.00 | OK | |||
r-oldrel-macos-x86_64 | 1.3.6 | 102.00 | OK | |||
r-oldrel-windows-x86_64 | 1.3.6 | 10.00 | 147.00 | 157.00 | OK |
Version: 1.3.6
Check: CRAN incoming feasibility
Result: NOTE
Maintainer: ‘Levi Waldron <lwaldron.research@gmail.com>’
No Authors@R field in DESCRIPTION.
Please add one, modifying
Authors@R: person(given = "Levi",
family = "Waldron",
role = c("aut", "cre"),
email = "lwaldron.research@gmail.com")
as necessary.
Package CITATION file contains call(s) to old-style citEntry(). Please
use bibentry() instead.
Flavors: r-devel-linux-x86_64-debian-clang, r-devel-linux-x86_64-debian-gcc