Last updated on 2024-04-23 10:54:12 CEST.
Flavor | Version | Tinstall | Tcheck | Ttotal | Status | Flags |
---|---|---|---|---|---|---|
r-devel-linux-x86_64-debian-clang | 0.2 | 19.63 | 133.84 | 153.47 | NOTE | |
r-devel-linux-x86_64-debian-gcc | 0.2 | 15.25 | 95.64 | 110.89 | NOTE | |
r-devel-linux-x86_64-fedora-clang | 0.2 | 187.88 | NOTE | |||
r-devel-linux-x86_64-fedora-gcc | 0.2 | 184.48 | NOTE | |||
r-prerel-macos-arm64 | 0.2 | 47.00 | NOTE | |||
r-prerel-windows-x86_64 | 0.2 | 16.00 | 103.00 | 119.00 | NOTE | |
r-patched-linux-x86_64 | 0.2 | 14.69 | 123.37 | 138.06 | NOTE | |
r-release-linux-x86_64 | 0.2 | 19.75 | 129.68 | 149.43 | NOTE | |
r-release-macos-arm64 | 0.2 | 64.00 | NOTE | |||
r-release-macos-x86_64 | 0.2 | 91.00 | NOTE | |||
r-release-windows-x86_64 | 0.2 | 21.00 | 125.00 | 146.00 | NOTE | |
r-oldrel-macos-arm64 | 0.2 | 47.00 | OK | |||
r-oldrel-windows-x86_64 | 0.2 | 22.00 | 132.00 | 154.00 | OK |
Version: 0.2
Check: Rd files
Result: NOTE
checkRd: (-1) my.bspline.Rd:38: Escaped LaTeX specials: \$ \$ \$
Flavors: r-devel-linux-x86_64-debian-clang, r-devel-linux-x86_64-debian-gcc, r-devel-linux-x86_64-fedora-clang, r-devel-linux-x86_64-fedora-gcc, r-prerel-macos-arm64, r-prerel-windows-x86_64, r-patched-linux-x86_64, r-release-linux-x86_64, r-release-macos-arm64, r-release-macos-x86_64, r-release-windows-x86_64