Last updated on 2024-04-20 11:50:24 CEST.
Flavor | Version | Tinstall | Tcheck | Ttotal | Status | Flags |
---|---|---|---|---|---|---|
r-devel-linux-x86_64-debian-clang | 2.2.1 | 10.73 | 131.13 | 141.86 | OK | |
r-devel-linux-x86_64-debian-gcc | 2.2.1 | 12.89 | 95.74 | 108.63 | OK | |
r-devel-linux-x86_64-fedora-clang | 2.2.1 | 188.93 | OK | |||
r-devel-linux-x86_64-fedora-gcc | 2.2.1 | 194.45 | OK | |||
r-prerel-macos-arm64 | 2.2.1 | 71.00 | OK | |||
r-prerel-macos-x86_64 | 2.2.1 | 214.00 | OK | |||
r-prerel-windows-x86_64 | 2.2.1 | 14.00 | 152.00 | 166.00 | OK | |
r-patched-linux-x86_64 | 2.2.1 | 15.69 | 124.59 | 140.28 | OK | |
r-release-linux-x86_64 | 2.2.1 | 13.30 | 127.05 | 140.35 | OK | |
r-release-macos-arm64 | 2.2.1 | 88.00 | OK | |||
r-release-macos-x86_64 | 2.2.1 | 209.00 | OK | |||
r-release-windows-x86_64 | 2.2.1 | 19.00 | 181.00 | 200.00 | OK | |
r-oldrel-macos-arm64 | 2.2.1 | 71.00 | NOTE | |||
r-oldrel-windows-x86_64 | 2.2.1 | 19.00 | 188.00 | 207.00 | OK |
Version: 2.2.1
Check: package dependencies
Result: NOTE
Package suggested but not available for checking: ‘ptmixed’
Flavor: r-oldrel-macos-arm64