Last updated on 2022-06-25 10:53:10 CEST.
Flavor | Version | Tinstall | Tcheck | Ttotal | Status | Flags |
---|---|---|---|---|---|---|
r-devel-linux-x86_64-debian-clang | 1.0.2 | 166.74 | 90.78 | 257.52 | OK | |
r-devel-linux-x86_64-debian-gcc | 1.0.2 | 128.93 | 75.11 | 204.04 | OK | |
r-devel-linux-x86_64-fedora-clang | 1.0.2 | 375.60 | OK | |||
r-devel-linux-x86_64-fedora-gcc | 1.0.2 | 341.78 | OK | |||
r-devel-windows-x86_64 | 1.0.2 | 134.00 | 125.00 | 259.00 | OK | |
r-patched-linux-x86_64 | 1.0.2 | 145.59 | 83.64 | 229.23 | OK | |
r-release-linux-x86_64 | 1.0.2 | 153.35 | 84.21 | 237.56 | OK | |
r-release-macos-arm64 | 1.0.2 | 80.00 | NOTE | |||
r-release-macos-x86_64 | 1.0.2 | 104.00 | NOTE | |||
r-release-windows-x86_64 | 1.0.2 | 143.00 | 124.00 | 267.00 | OK | |
r-oldrel-macos-arm64 | 1.0.2 | 85.00 | NOTE | |||
r-oldrel-macos-x86_64 | 1.0.2 | 138.00 | NOTE | |||
r-oldrel-windows-ix86+x86_64 | 1.0.2 | 425.00 | 148.00 | 573.00 | OK |
Version: 1.0.2
Check: installed package size
Result: NOTE
installed size is 6.5Mb
sub-directories of 1Mb or more:
libs 6.3Mb
Flavors: r-release-macos-arm64, r-release-macos-x86_64, r-oldrel-macos-arm64, r-oldrel-macos-x86_64