Last updated on 2024-04-19 11:56:55 CEST.
Flavor | Version | Tinstall | Tcheck | Ttotal | Status | Flags |
---|---|---|---|---|---|---|
r-devel-linux-x86_64-debian-clang | 0.1.3 | 1486.94 | 325.21 | 1812.15 | NOTE | |
r-devel-linux-x86_64-debian-gcc | 0.1.3 | NOTE | ||||
r-devel-linux-x86_64-fedora-clang | 0.1.3 | 2308.29 | NOTE | |||
r-devel-linux-x86_64-fedora-gcc | 0.1.3 | 3231.47 | NOTE | |||
r-prerel-macos-arm64 | 0.1.3 | 528.00 | NOTE | |||
r-prerel-windows-x86_64 | 0.1.3 | 1164.00 | 344.00 | 1508.00 | NOTE | |
r-patched-linux-x86_64 | 0.1.3 | 1209.52 | 456.46 | 1665.98 | NOTE | |
r-release-linux-x86_64 | 0.1.3 | 0.02 | 2.86 | 2.88 | ERROR | |
r-release-macos-arm64 | 0.1.3 | 582.00 | NOTE | |||
r-release-macos-x86_64 | 0.1.3 | 922.00 | NOTE | |||
r-release-windows-x86_64 | 0.1.3 | 1504.00 | 430.00 | 1934.00 | NOTE | |
r-oldrel-macos-arm64 | 0.1.3 | 426.00 | NOTE | |||
r-oldrel-windows-x86_64 | 0.1.3 | 1462.00 | 388.00 | 1850.00 | NOTE |
Version: 0.1.3
Check: for GNU extensions in Makefiles
Result: NOTE
GNU make is a SystemRequirements.
Flavors: r-devel-linux-x86_64-debian-clang, r-devel-linux-x86_64-debian-gcc, r-devel-linux-x86_64-fedora-clang, r-devel-linux-x86_64-fedora-gcc, r-prerel-macos-arm64, r-prerel-windows-x86_64, r-patched-linux-x86_64, r-release-macos-arm64, r-release-macos-x86_64, r-release-windows-x86_64, r-oldrel-macos-arm64, r-oldrel-windows-x86_64
Version: 0.1.3
Check: installed package size
Result: NOTE
installed size is 12.8Mb
sub-directories of 1Mb or more:
libs 11.8Mb
Flavors: r-devel-linux-x86_64-fedora-clang, r-prerel-macos-arm64, r-prerel-windows-x86_64, r-release-macos-arm64, r-release-macos-x86_64, r-release-windows-x86_64, r-oldrel-macos-arm64, r-oldrel-windows-x86_64
Version: 0.1.3
Check: whether package can be installed
Result: ERROR
Installation failed.
Flavor: r-release-linux-x86_64