Last updated on 2023-10-01 12:00:45 CEST.
Flavor | Version | Tinstall | Tcheck | Ttotal | Status | Flags |
---|---|---|---|---|---|---|
r-devel-linux-x86_64-debian-clang | 0.1.0 | 2.14 | 36.50 | 38.64 | OK | |
r-devel-linux-x86_64-debian-gcc | 0.1.0 | 2.30 | 28.04 | 30.34 | OK | |
r-devel-linux-x86_64-fedora-clang | 0.1.0 | 49.61 | NOTE | |||
r-devel-linux-x86_64-fedora-gcc | 0.1.0 | 61.09 | NOTE | |||
r-devel-windows-x86_64 | 0.1.0 | 3.00 | 54.00 | 57.00 | OK | |
r-patched-linux-x86_64 | 0.1.0 | 3.05 | 34.85 | 37.90 | OK | |
r-release-linux-x86_64 | 0.1.0 | 2.43 | 35.23 | 37.66 | OK | |
r-release-macos-arm64 | 0.1.0 | 28.00 | OK | |||
r-release-macos-x86_64 | 0.1.0 | 42.00 | OK | |||
r-release-windows-x86_64 | 0.1.0 | 4.00 | 53.00 | 57.00 | OK | |
r-oldrel-macos-arm64 | 0.1.0 | 24.00 | OK | |||
r-oldrel-macos-x86_64 | 0.1.0 | 38.00 | NOTE | |||
r-oldrel-windows-x86_64 | 0.1.0 | 6.00 | 60.00 | 66.00 | OK |
Version: 0.1.0
Check: data for non-ASCII characters
Result: NOTE
Note: found 6 marked UTF-8 strings
Flavors: r-devel-linux-x86_64-fedora-clang, r-devel-linux-x86_64-fedora-gcc, r-oldrel-macos-x86_64