Last updated on 2024-08-16 12:49:15 CEST.
Flavor | Version | Tinstall | Tcheck | Ttotal | Status | Flags |
---|---|---|---|---|---|---|
r-devel-linux-x86_64-debian-clang | 0.1.0 | 2.01 | 32.41 | 34.42 | OK | |
r-devel-linux-x86_64-debian-gcc | 0.1.0 | 1.64 | 25.91 | 27.55 | OK | |
r-devel-linux-x86_64-fedora-clang | 0.1.0 | 55.73 | NOTE | |||
r-devel-linux-x86_64-fedora-gcc | 0.1.0 | 69.09 | NOTE | |||
r-devel-windows-x86_64 | 0.1.0 | 3.00 | 54.00 | 57.00 | OK | |
r-patched-linux-x86_64 | 0.1.0 | 2.21 | 30.58 | 32.79 | OK | |
r-release-linux-x86_64 | 0.1.0 | 1.92 | 30.91 | 32.83 | OK | |
r-release-macos-arm64 | 0.1.0 | 28.00 | OK | |||
r-release-macos-x86_64 | 0.1.0 | 41.00 | OK | |||
r-release-windows-x86_64 | 0.1.0 | 3.00 | 56.00 | 59.00 | OK | |
r-oldrel-macos-arm64 | 0.1.0 | 28.00 | OK | |||
r-oldrel-macos-x86_64 | 0.1.0 | 42.00 | OK | |||
r-oldrel-windows-x86_64 | 0.1.0 | 3.00 | 55.00 | 58.00 | OK |
Version: 0.1.0
Check: data for non-ASCII characters
Result: NOTE
Note: found 6 marked UTF-8 strings
Flavors: r-devel-linux-x86_64-fedora-clang, r-devel-linux-x86_64-fedora-gcc