Last updated on 2022-07-03 11:53:44 CEST.
Flavor | Version | Tinstall | Tcheck | Ttotal | Status | Flags |
---|---|---|---|---|---|---|
r-devel-linux-x86_64-debian-clang | 1.1 | 11.07 | 104.16 | 115.23 | OK | |
r-devel-linux-x86_64-debian-gcc | 1.1 | 10.12 | 78.96 | 89.08 | OK | |
r-devel-linux-x86_64-fedora-clang | 1.1 | 154.38 | OK | |||
r-devel-linux-x86_64-fedora-gcc | 1.1 | 152.13 | OK | |||
r-devel-windows-x86_64 | 1.1 | 40.00 | 175.00 | 215.00 | OK | |
r-patched-linux-x86_64 | 1.1 | 13.83 | 100.52 | 114.35 | OK | |
r-release-linux-x86_64 | 1.1 | 10.91 | 98.07 | 108.98 | OK | |
r-release-macos-arm64 | 1.1 | 48.00 | NOTE | |||
r-release-macos-x86_64 | 1.1 | 67.00 | OK | |||
r-release-windows-x86_64 | 1.1 | 42.00 | 176.00 | 218.00 | OK | |
r-oldrel-macos-arm64 | 1.1 | 48.00 | OK | |||
r-oldrel-macos-x86_64 | 1.1 | 70.00 | OK | |||
r-oldrel-windows-ix86+x86_64 | 1.1 | 25.00 | 167.00 | 192.00 | OK |
Version: 1.1
Check: package dependencies
Result: NOTE
Package suggested but not available for checking: ‘snpStats’
Flavor: r-release-macos-arm64