Last updated on 2024-04-24 11:20:59 CEST.
Flavor | Version | Tinstall | Tcheck | Ttotal | Status | Flags |
---|---|---|---|---|---|---|
r-devel-linux-x86_64-debian-clang | 0.2.4 | 177.86 | 99.66 | 277.52 | NOTE | |
r-devel-linux-x86_64-debian-gcc | 0.2.4 | 149.45 | 74.51 | 223.96 | NOTE | |
r-devel-linux-x86_64-fedora-clang | 0.2.4 | 403.62 | NOTE | |||
r-devel-linux-x86_64-fedora-gcc | 0.2.4 | 440.17 | NOTE | |||
r-devel-windows-x86_64 | 0.2.4 | 139.00 | 144.00 | 283.00 | NOTE | |
r-patched-linux-x86_64 | 0.2.4 | 126.10 | 102.23 | 228.33 | NOTE | |
r-release-linux-x86_64 | 0.2.4 | 128.28 | 100.67 | 228.95 | OK | |
r-release-macos-arm64 | 0.2.4 | 119.00 | NOTE | |||
r-release-windows-x86_64 | 0.2.4 | 143.00 | 145.00 | 288.00 | NOTE | |
r-oldrel-macos-arm64 | 0.2.4 | 99.00 | NOTE | |||
r-oldrel-macos-x86_64 | 0.2.4 | 171.00 | NOTE | |||
r-oldrel-windows-x86_64 | 0.2.4 | 167.00 | 160.00 | 327.00 | NOTE |
Version: 0.2.4
Check: Rd files
Result: NOTE
checkRd: (-1) pedigree_ll_terms.Rd:16: Lost braces in \itemize; meant \describe ?
checkRd: (-1) pedigree_ll_terms.Rd:17: Lost braces in \itemize; meant \describe ?
checkRd: (-1) pedigree_ll_terms.Rd:18: Lost braces in \itemize; meant \describe ?
checkRd: (-1) pedigree_ll_terms.Rd:19-20: Lost braces in \itemize; meant \describe ?
Flavors: r-devel-linux-x86_64-debian-clang, r-devel-linux-x86_64-debian-gcc, r-devel-linux-x86_64-fedora-clang, r-devel-linux-x86_64-fedora-gcc, r-devel-windows-x86_64, r-patched-linux-x86_64, r-release-windows-x86_64
Version: 0.2.4
Check: installed package size
Result: NOTE
installed size is 5.9Mb
sub-directories of 1Mb or more:
doc 4.0Mb
libs 1.7Mb
Flavors: r-devel-linux-x86_64-fedora-clang, r-devel-windows-x86_64, r-release-macos-arm64, r-release-windows-x86_64, r-oldrel-macos-arm64, r-oldrel-macos-x86_64, r-oldrel-windows-x86_64