CRAN Package Check Results for Package pedigreeTools

Last updated on 2022-07-05 11:50:00 CEST.

Flavor Version Tinstall Tcheck Ttotal Status Flags
r-devel-linux-x86_64-debian-clang 0.1 5.34 30.68 36.02 NOTE
r-devel-linux-x86_64-debian-gcc 0.1 3.55 23.80 27.35 NOTE
r-devel-linux-x86_64-fedora-clang 0.1 53.70 NOTE
r-devel-linux-x86_64-fedora-gcc 0.1 52.85 NOTE
r-devel-windows-x86_64 0.1 36.00 58.00 94.00 NOTE
r-patched-linux-x86_64 0.1 4.45 29.50 33.95 NOTE
r-release-linux-x86_64 0.1 5.12 29.81 34.93 NOTE
r-release-macos-arm64 0.1 20.00 NOTE
r-release-macos-x86_64 0.1 25.00 NOTE
r-release-windows-x86_64 0.1 65.00 59.00 124.00 NOTE
r-oldrel-macos-arm64 0.1 23.00 NOTE
r-oldrel-macos-x86_64 0.1 32.00 NOTE
r-oldrel-windows-ix86+x86_64 0.1 15.00 64.00 79.00 NOTE

Additional issues

rchk

Check Details

Version: 0.1
Check: LazyData
Result: NOTE
     'LazyData' is specified without a 'data' directory
Flavors: r-devel-linux-x86_64-debian-clang, r-devel-linux-x86_64-debian-gcc, r-devel-linux-x86_64-fedora-clang, r-devel-linux-x86_64-fedora-gcc, r-devel-windows-x86_64, r-patched-linux-x86_64, r-release-linux-x86_64, r-release-macos-arm64, r-release-macos-x86_64, r-release-windows-x86_64, r-oldrel-macos-arm64, r-oldrel-macos-x86_64, r-oldrel-windows-ix86+x86_64