CRAN Package Check Results for Package pdynmc

Last updated on 2022-07-03 11:53:44 CEST.

Flavor Version Tinstall Tcheck Ttotal Status Flags
r-devel-linux-x86_64-debian-clang 0.9.7 15.94 451.89 467.83 NOTE
r-devel-linux-x86_64-debian-gcc 0.9.7 11.35 324.65 336.00 NOTE
r-devel-linux-x86_64-fedora-clang 0.9.7 538.73 NOTE
r-devel-linux-x86_64-fedora-gcc 0.9.7 560.53 NOTE
r-devel-windows-x86_64 0.9.7 37.00 430.00 467.00 NOTE
r-patched-linux-x86_64 0.9.7 12.14 431.39 443.53 OK
r-release-linux-x86_64 0.9.7 11.69 426.65 438.34 OK
r-release-macos-arm64 0.9.7 121.00 OK
r-release-macos-x86_64 0.9.7 170.00 OK
r-release-windows-x86_64 0.9.7 32.00 441.00 473.00 OK
r-oldrel-macos-arm64 0.9.7 90.00 OK
r-oldrel-macos-x86_64 0.9.7 161.00 OK
r-oldrel-windows-ix86+x86_64 0.9.7 26.00 480.00 506.00 OK

Check Details

Version: 0.9.7
Check: Rd files
Result: NOTE
    checkRd: (-1) cigDemand.Rd:43: Escaped LaTeX specials: \_ \_
Flavors: r-devel-linux-x86_64-debian-clang, r-devel-linux-x86_64-debian-gcc, r-devel-linux-x86_64-fedora-clang, r-devel-linux-x86_64-fedora-gcc, r-devel-windows-x86_64