CRAN Package Check Results for Package pdi

Last updated on 2022-06-25 10:53:10 CEST.

Flavor Version Tinstall Tcheck Ttotal Status Flags
r-devel-linux-x86_64-debian-clang 0.4.2 6.48 230.01 236.49 NOTE
r-devel-linux-x86_64-debian-gcc 0.4.2 4.07 161.87 165.94 NOTE
r-devel-linux-x86_64-fedora-clang 0.4.2 273.03 NOTE
r-devel-linux-x86_64-fedora-gcc 0.4.2 274.91 NOTE
r-devel-windows-x86_64 0.4.2 30.00 258.00 288.00 NOTE
r-patched-linux-x86_64 0.4.2 5.14 208.62 213.76 NOTE
r-release-linux-x86_64 0.4.2 5.21 210.35 215.56 NOTE
r-release-macos-arm64 0.4.2 34.00 NOTE
r-release-macos-x86_64 0.4.2 124.00 NOTE
r-release-windows-x86_64 0.4.2 20.00 265.00 285.00 NOTE
r-oldrel-macos-arm64 0.4.2 55.00 NOTE
r-oldrel-macos-x86_64 0.4.2 68.00 NOTE
r-oldrel-windows-ix86+x86_64 0.4.2 15.00 273.00 288.00 NOTE

Check Details

Version: 0.4.2
Check: LazyData
Result: NOTE
     'LazyData' is specified without a 'data' directory
Flavors: r-devel-linux-x86_64-debian-clang, r-devel-linux-x86_64-debian-gcc, r-devel-linux-x86_64-fedora-clang, r-devel-linux-x86_64-fedora-gcc, r-devel-windows-x86_64, r-patched-linux-x86_64, r-release-linux-x86_64, r-release-macos-arm64, r-release-macos-x86_64, r-release-windows-x86_64, r-oldrel-macos-arm64, r-oldrel-macos-x86_64, r-oldrel-windows-ix86+x86_64