Last updated on 2023-01-27 11:49:34 CET.
Flavor | Version | Tinstall | Tcheck | Ttotal | Status | Flags |
---|---|---|---|---|---|---|
r-devel-linux-x86_64-debian-clang | 1.0-4 | 9.07 | 58.17 | 67.24 | OK | |
r-devel-linux-x86_64-debian-gcc | 1.0-4 | 7.25 | 44.15 | 51.40 | OK | |
r-devel-linux-x86_64-fedora-clang | 1.0-4 | 82.54 | NOTE | |||
r-devel-linux-x86_64-fedora-gcc | 1.0-4 | 80.72 | OK | |||
r-patched-linux-x86_64 | 1.0-4 | 9.99 | 55.51 | 65.50 | OK | |
r-release-linux-x86_64 | 1.0-4 | 9.81 | 55.89 | 65.70 | OK | |
r-release-macos-arm64 | 1.0-4 | 22.00 | OK | |||
r-release-macos-x86_64 | 1.0-4 | 40.00 | OK | |||
r-release-windows-x86_64 | 1.0-4 | 30.00 | 100.00 | 130.00 | OK | |
r-oldrel-macos-arm64 | 1.0-4 | 27.00 | OK | |||
r-oldrel-macos-x86_64 | 1.0-4 | 44.00 | OK | |||
r-oldrel-windows-ix86+x86_64 | 1.0-4 | 23.00 | 116.00 | 139.00 | OK |
Version: 1.0-4
Check: Rd cross-references
Result: NOTE
Undeclared packages ‘sm’, ‘spdep’ in Rd xrefs
Flavor: r-devel-linux-x86_64-fedora-clang