Last updated on 2024-03-28 09:51:51 CET.
Flavor | Version | Tinstall | Tcheck | Ttotal | Status | Flags |
---|---|---|---|---|---|---|
r-devel-linux-x86_64-debian-clang | 1.0-4 | 10.66 | 59.30 | 69.96 | OK | |
r-devel-linux-x86_64-debian-gcc | 1.0-4 | 7.12 | 44.66 | 51.78 | OK | |
r-devel-linux-x86_64-fedora-clang | 1.0-4 | 83.66 | NOTE | |||
r-devel-linux-x86_64-fedora-gcc | 1.0-4 | 83.89 | OK | |||
r-devel-windows-x86_64 | 1.0-4 | 11.00 | 71.00 | 82.00 | OK | |
r-patched-linux-x86_64 | 1.0-4 | 7.54 | 58.28 | 65.82 | OK | |
r-release-linux-x86_64 | 1.0-4 | 7.44 | 58.21 | 65.65 | OK | |
r-release-macos-arm64 | 1.0-4 | 29.00 | OK | |||
r-release-macos-x86_64 | 1.0-4 | 47.00 | OK | |||
r-release-windows-x86_64 | 1.0-4 | 12.00 | 77.00 | 89.00 | OK | |
r-oldrel-macos-arm64 | 1.0-4 | 30.00 | OK | |||
r-oldrel-windows-x86_64 | 1.0-4 | 14.00 | 87.00 | 101.00 | OK |
Version: 1.0-4
Check: Rd cross-references
Result: NOTE
Undeclared packages ‘sm’, ‘spdep’ in Rd xrefs
Flavor: r-devel-linux-x86_64-fedora-clang