CRAN Package Check Results for Package pdc

Last updated on 2022-06-27 11:50:50 CEST.

Flavor Version Tinstall Tcheck Ttotal Status Flags
r-devel-linux-x86_64-debian-clang 1.0.3 11.09 31.80 42.89 OK
r-devel-linux-x86_64-debian-gcc 1.0.3 13.57 24.40 37.97 OK
r-devel-linux-x86_64-fedora-clang 1.0.3 63.21 NOTE
r-devel-linux-x86_64-fedora-gcc 1.0.3 90.56 NOTE
r-devel-windows-x86_64 1.0.3 34.00 60.00 94.00 OK
r-patched-linux-x86_64 1.0.3 27.07 30.45 57.52 OK
r-release-linux-x86_64 1.0.3 22.75 30.06 52.81 OK
r-release-macos-arm64 1.0.3 59.00 OK
r-release-macos-x86_64 1.0.3 34.00 OK
r-release-windows-x86_64 1.0.3 33.00 58.00 91.00 OK
r-oldrel-macos-arm64 1.0.3 64.00 OK
r-oldrel-macos-x86_64 1.0.3 41.00 OK
r-oldrel-windows-ix86+x86_64 1.0.3 37.00 58.00 95.00 OK

Check Details

Version: 1.0.3
Check: compiled code
Result: NOTE
    File ‘pdc/libs/pdc.so’:
     Found no calls to: ‘R_registerRoutines’, ‘R_useDynamicSymbols’
    
    It is good practice to register native routines and to disable symbol
    search.
    
    See ‘Writing portable packages’ in the ‘Writing R Extensions’ manual.
Flavors: r-devel-linux-x86_64-fedora-clang, r-devel-linux-x86_64-fedora-gcc