Last updated on 2024-04-19 11:56:55 CEST.
Flavor | Version | Tinstall | Tcheck | Ttotal | Status | Flags |
---|---|---|---|---|---|---|
r-devel-linux-x86_64-debian-clang | 1.2.4 | 114.75 | 110.03 | 224.78 | NOTE | |
r-devel-linux-x86_64-debian-gcc | 1.2.4 | NOTE | ||||
r-devel-linux-x86_64-fedora-clang | 1.2.4 | 295.16 | NOTE | |||
r-devel-linux-x86_64-fedora-gcc | 1.2.4 | 307.19 | NOTE | |||
r-prerel-macos-arm64 | 1.2.4 | 78.00 | NOTE | |||
r-prerel-windows-x86_64 | 1.2.4 | 81.00 | 119.00 | 200.00 | NOTE | |
r-patched-linux-x86_64 | 1.2.4 | 111.32 | 100.80 | 212.12 | NOTE | |
r-release-linux-x86_64 | 1.2.4 | 110.50 | 100.57 | 211.07 | NOTE | |
r-release-macos-arm64 | 1.2.4 | 81.00 | NOTE | |||
r-release-macos-x86_64 | 1.2.4 | 131.00 | NOTE | |||
r-release-windows-x86_64 | 1.2.4 | 101.00 | 138.00 | 239.00 | NOTE | |
r-oldrel-macos-arm64 | 1.2.4 | 73.00 | NOTE | |||
r-oldrel-windows-x86_64 | 1.2.4 | 98.00 | 128.00 | 226.00 | NOTE |
Version: 1.2.4
Check: C++ specification
Result: NOTE
Specified C++11: please drop specification unless essential
Flavors: r-devel-linux-x86_64-debian-clang, r-devel-linux-x86_64-debian-gcc, r-devel-linux-x86_64-fedora-clang, r-devel-linux-x86_64-fedora-gcc, r-prerel-macos-arm64, r-prerel-windows-x86_64, r-patched-linux-x86_64, r-release-linux-x86_64, r-release-macos-arm64, r-release-macos-x86_64, r-release-windows-x86_64
Version: 1.2.4
Check: Rd files
Result: NOTE
checkRd: (-1) pdkMeans.Rd:63: Lost braces
63 | \cite{C18}{pdSpecEst} for more details. Note that this comes at the cost of increased computation time in comparison to one
| ^
Flavors: r-devel-linux-x86_64-debian-clang, r-devel-linux-x86_64-debian-gcc, r-devel-linux-x86_64-fedora-clang, r-devel-linux-x86_64-fedora-gcc, r-prerel-macos-arm64, r-prerel-windows-x86_64, r-patched-linux-x86_64
Version: 1.2.4
Check: LazyData
Result: NOTE
'LazyData' is specified without a 'data' directory
Flavors: r-devel-linux-x86_64-debian-clang, r-devel-linux-x86_64-debian-gcc, r-devel-linux-x86_64-fedora-clang, r-devel-linux-x86_64-fedora-gcc, r-prerel-macos-arm64, r-prerel-windows-x86_64, r-patched-linux-x86_64, r-release-linux-x86_64, r-release-macos-arm64, r-release-macos-x86_64, r-release-windows-x86_64, r-oldrel-macos-arm64, r-oldrel-windows-x86_64
Version: 1.2.4
Check: installed package size
Result: NOTE
installed size is 7.2Mb
sub-directories of 1Mb or more:
libs 6.2Mb
Flavors: r-prerel-macos-arm64, r-release-macos-arm64, r-release-macos-x86_64, r-oldrel-macos-arm64