Last updated on 2022-07-01 11:52:07 CEST.
Flavor | Version | Tinstall | Tcheck | Ttotal | Status | Flags |
---|---|---|---|---|---|---|
r-devel-linux-x86_64-debian-clang | 0.15.2 | 41.46 | 262.99 | 304.45 | NOTE | |
r-devel-linux-x86_64-debian-gcc | 0.15.2 | 34.37 | 192.13 | 226.50 | NOTE | |
r-devel-linux-x86_64-fedora-clang | 0.15.2 | 368.77 | NOTE | |||
r-devel-linux-x86_64-fedora-gcc | 0.15.2 | 371.77 | NOTE | |||
r-devel-windows-x86_64 | 0.15.2 | 159.00 | 282.00 | 441.00 | NOTE | |
r-patched-linux-x86_64 | 0.15.2 | 53.61 | 249.34 | 302.95 | OK | |
r-release-linux-x86_64 | 0.15.2 | 39.30 | 245.60 | 284.90 | OK | |
r-release-macos-arm64 | 0.15.2 | 99.00 | OK | |||
r-release-macos-x86_64 | 0.15.2 | 125.00 | NOTE | |||
r-release-windows-x86_64 | 0.15.2 | 154.00 | 287.00 | 441.00 | OK | |
r-oldrel-macos-arm64 | 0.15.2 | 110.00 | OK | |||
r-oldrel-macos-x86_64 | 0.15.2 | 136.00 | OK | |||
r-oldrel-windows-ix86+x86_64 | 0.15.2 | 77.00 | 299.00 | 376.00 | OK |
Version: 0.15.2
Check: Rd files
Result: NOTE
checkRd: (-1) pcts-package.Rd:287: Escaped LaTeX specials: \&
Flavors: r-devel-linux-x86_64-debian-clang, r-devel-linux-x86_64-debian-gcc, r-devel-linux-x86_64-fedora-clang, r-devel-linux-x86_64-fedora-gcc, r-devel-windows-x86_64
Version: 0.15.2
Check: package dependencies
Result: NOTE
Package suggested but not available for checking: ‘partsm’
Flavor: r-release-macos-x86_64