CRAN Package Check Results for Package pcalls

Last updated on 2025-04-29 12:52:44 CEST.

Flavor Version Tinstall Tcheck Ttotal Status Flags
r-devel-linux-x86_64-debian-clang 1.0 1.63 18.20 19.83 NOTE
r-devel-linux-x86_64-debian-gcc 1.0 1.39 14.94 16.33 NOTE
r-devel-linux-x86_64-fedora-clang 1.0 31.03 OK
r-devel-linux-x86_64-fedora-gcc 1.0 30.51 OK
r-devel-windows-x86_64 1.0 3.00 42.00 45.00 OK
r-patched-linux-x86_64 1.0 1.56 17.55 19.11 OK
r-release-linux-x86_64 1.0 1.65 17.28 18.93 OK
r-release-macos-arm64 1.0 19.00 OK
r-release-macos-x86_64 1.0 24.00 OK
r-release-windows-x86_64 1.0 3.00 45.00 48.00 OK
r-oldrel-macos-arm64 1.0 13.00 NOTE
r-oldrel-macos-x86_64 1.0 19.00 NOTE
r-oldrel-windows-x86_64 1.0 3.00 47.00 50.00 NOTE

Check Details

Version: 1.0
Check: CRAN incoming feasibility
Result: NOTE Maintainer: ‘Elia Degiorgi <degioe@usi.ch>’ No Authors@R field in DESCRIPTION. Please add one, modifying Authors@R: c(person(given = "Elia", family = "Degiorgi", role = c("aut", "cre"), email = "degioe@usi.ch"), person(given = "Federico", family = "Milan", role = "aut"), person(given = "Davide", family = "Zaramella", role = "aut"), person(given = "Valerija", family = "Stoeva", role = "aut")) as necessary. Flavors: r-devel-linux-x86_64-debian-clang, r-devel-linux-x86_64-debian-gcc

Version: 1.0
Check: LazyData
Result: NOTE 'LazyData' is specified without a 'data' directory Flavors: r-oldrel-macos-arm64, r-oldrel-macos-x86_64, r-oldrel-windows-x86_64