Last updated on 2024-04-23 10:54:11 CEST.
Flavor | Version | Tinstall | Tcheck | Ttotal | Status | Flags |
---|---|---|---|---|---|---|
r-devel-linux-x86_64-debian-clang | 1.5.7 | 14.09 | 32.88 | 46.97 | OK | |
r-devel-linux-x86_64-debian-gcc | 1.5.7 | 9.88 | 24.60 | 34.48 | OK | |
r-devel-linux-x86_64-fedora-clang | 1.5.7 | 59.36 | OK | |||
r-devel-linux-x86_64-fedora-gcc | 1.5.7 | 58.09 | OK | |||
r-prerel-macos-arm64 | 1.5.7 | 25.00 | OK | |||
r-prerel-windows-x86_64 | 1.5.7 | 16.00 | 83.00 | 99.00 | OK | |
r-patched-linux-x86_64 | 1.5.7 | 10.37 | 30.87 | 41.24 | OK | |
r-release-linux-x86_64 | 1.5.7 | 11.56 | 33.42 | 44.98 | OK | |
r-release-macos-arm64 | 1.5.7 | 28.00 | OK | |||
r-release-macos-x86_64 | 1.5.7 | 47.00 | OK | |||
r-release-windows-x86_64 | 1.5.7 | 19.00 | 100.00 | 119.00 | WARN | |
r-oldrel-macos-arm64 | 1.5.7 | 26.00 | OK | |||
r-oldrel-windows-x86_64 | 1.5.7 | 36.00 | 87.00 | 123.00 | OK |
Version: 1.5.7
Check: whether package can be installed
Result: WARN
Found the following significant warnings:
d:/rtools43/x86_64-w64-mingw32.static.posix/include/coin/Clp_C_Interface.h:68:1: warning: function declaration isn't a prototype [-Wstrict-prototypes]
See 'd:/Rcompile/CRANpkg/local/4.3/pcaL1.Rcheck/00install.out' for details.
* used C compiler: 'gcc.exe (GCC) 12.3.0'
Flavor: r-release-windows-x86_64