CRAN Package Check Results for Package pcLasso

Last updated on 2023-12-07 11:49:42 CET.

Flavor Version Tinstall Tcheck Ttotal Status Flags
r-devel-linux-x86_64-debian-clang 1.2 4.30 33.34 37.64 NOTE
r-devel-linux-x86_64-debian-gcc 1.2 3.48 25.89 29.37 NOTE
r-devel-linux-x86_64-fedora-clang 1.2 49.46 NOTE
r-devel-linux-x86_64-fedora-gcc 1.2 60.36 NOTE
r-devel-windows-x86_64 1.2 6.00 49.00 55.00 NOTE
r-patched-linux-x86_64 1.2 4.27 32.65 36.92 NOTE
r-release-linux-x86_64 1.2 3.57 32.24 35.81 NOTE
r-release-macos-arm64 1.2 27.00 NOTE
r-release-macos-x86_64 1.2 35.00 NOTE
r-release-windows-x86_64 1.2 8.00 52.00 60.00 NOTE
r-oldrel-macos-arm64 1.2 22.00 NOTE
r-oldrel-macos-x86_64 1.2 29.00 NOTE
r-oldrel-windows-x86_64 1.2 8.00 56.00 64.00 NOTE

Check Details

Version: 1.2
Check: LazyData
Result: NOTE 'LazyData' is specified without a 'data' directory Flavors: r-devel-linux-x86_64-debian-clang, r-devel-linux-x86_64-debian-gcc, r-devel-linux-x86_64-fedora-clang, r-devel-linux-x86_64-fedora-gcc, r-devel-windows-x86_64, r-patched-linux-x86_64, r-release-linux-x86_64, r-release-macos-arm64, r-release-macos-x86_64, r-release-windows-x86_64, r-oldrel-macos-arm64, r-oldrel-macos-x86_64, r-oldrel-windows-x86_64