Last updated on 2024-04-19 11:56:55 CEST.
Flavor | Version | Tinstall | Tcheck | Ttotal | Status | Flags |
---|---|---|---|---|---|---|
r-devel-linux-x86_64-debian-clang | 1.5.4 | 1459.84 | 313.85 | 1773.69 | NOTE | |
r-devel-linux-x86_64-debian-gcc | 1.5.4 | NOTE | ||||
r-devel-linux-x86_64-fedora-clang | 1.5.4 | 2126.70 | NOTE | |||
r-devel-linux-x86_64-fedora-gcc | 1.5.4 | 3012.68 | NOTE | |||
r-prerel-macos-arm64 | 1.5.4 | 489.00 | NOTE | |||
r-prerel-windows-x86_64 | 1.5.4 | 1038.00 | 352.00 | 1390.00 | NOTE | |
r-patched-linux-x86_64 | 1.5.4 | 1068.88 | 451.20 | 1520.08 | NOTE | |
r-release-linux-x86_64 | 1.5.4 | 0.02 | 3.01 | 3.03 | ERROR | |
r-release-macos-arm64 | 1.5.4 | 854.00 | NOTE | |||
r-release-macos-x86_64 | 1.5.4 | 1104.00 | NOTE | |||
r-release-windows-x86_64 | 1.5.4 | 1381.00 | 442.00 | 1823.00 | NOTE | |
r-oldrel-macos-arm64 | 1.5.4 | 543.00 | NOTE | |||
r-oldrel-windows-x86_64 | 1.5.4 | 1313.00 | 410.00 | 1723.00 | NOTE |
Version: 1.5.4
Check: for GNU extensions in Makefiles
Result: NOTE
GNU make is a SystemRequirements.
Flavors: r-devel-linux-x86_64-debian-clang, r-devel-linux-x86_64-debian-gcc, r-devel-linux-x86_64-fedora-clang, r-devel-linux-x86_64-fedora-gcc, r-prerel-macos-arm64, r-prerel-windows-x86_64, r-patched-linux-x86_64, r-release-macos-arm64, r-release-macos-x86_64, r-release-windows-x86_64, r-oldrel-macos-arm64, r-oldrel-windows-x86_64
Version: 1.5.4
Check: installed package size
Result: NOTE
installed size is 15.3Mb
sub-directories of 1Mb or more:
doc 2.9Mb
libs 11.6Mb
Flavors: r-devel-linux-x86_64-fedora-clang, r-prerel-macos-arm64, r-prerel-windows-x86_64, r-release-macos-arm64, r-release-macos-x86_64, r-release-windows-x86_64, r-oldrel-macos-arm64, r-oldrel-windows-x86_64
Version: 1.5.4
Check: dependencies in R code
Result: NOTE
Namespace in Imports field not imported from: ‘rstantools’
All declared Imports should be used.
Flavors: r-devel-linux-x86_64-fedora-clang, r-devel-linux-x86_64-fedora-gcc
Version: 1.5.4
Check: whether package can be installed
Result: ERROR
Installation failed.
Flavor: r-release-linux-x86_64