Last updated on 2022-06-25 10:53:10 CEST.
Flavor | Version | Tinstall | Tcheck | Ttotal | Status | Flags |
---|---|---|---|---|---|---|
r-devel-linux-x86_64-debian-clang | 0.1.4 | 6.12 | 65.08 | 71.20 | NOTE | |
r-devel-linux-x86_64-debian-gcc | 0.1.4 | 5.57 | 49.22 | 54.79 | NOTE | |
r-devel-linux-x86_64-fedora-clang | 0.1.4 | 92.95 | NOTE | |||
r-devel-linux-x86_64-fedora-gcc | 0.1.4 | 91.80 | NOTE | |||
r-devel-windows-x86_64 | 0.1.4 | 17.00 | 92.00 | 109.00 | NOTE | |
r-patched-linux-x86_64 | 0.1.4 | 5.18 | 59.76 | 64.94 | NOTE | |
r-release-linux-x86_64 | 0.1.4 | 5.49 | 61.17 | 66.66 | NOTE | |
r-release-macos-arm64 | 0.1.4 | 29.00 | NOTE | |||
r-release-macos-x86_64 | 0.1.4 | 49.00 | NOTE | |||
r-release-windows-x86_64 | 0.1.4 | 17.00 | 94.00 | 111.00 | NOTE | |
r-oldrel-macos-arm64 | 0.1.4 | 39.00 | NOTE | |||
r-oldrel-macos-x86_64 | 0.1.4 | 51.00 | NOTE | |||
r-oldrel-windows-ix86+x86_64 | 0.1.4 | 17.00 | 88.00 | 105.00 | NOTE |
Version: 0.1.4
Check: LazyData
Result: NOTE
'LazyData' is specified without a 'data' directory
Flavors: r-devel-linux-x86_64-debian-clang, r-devel-linux-x86_64-debian-gcc, r-devel-linux-x86_64-fedora-clang, r-devel-linux-x86_64-fedora-gcc, r-devel-windows-x86_64, r-patched-linux-x86_64, r-release-linux-x86_64, r-release-macos-arm64, r-release-macos-x86_64, r-release-windows-x86_64, r-oldrel-macos-arm64, r-oldrel-macos-x86_64, r-oldrel-windows-ix86+x86_64