Last updated on 2025-05-06 12:49:45 CEST.
Flavor | Version | Tinstall | Tcheck | Ttotal | Status | Flags |
---|---|---|---|---|---|---|
r-devel-linux-x86_64-debian-clang | 0.5-3 | 18.02 | 87.13 | 105.15 | OK | |
r-devel-linux-x86_64-debian-gcc | 0.5-3 | 13.59 | 67.94 | 81.53 | OK | |
r-devel-linux-x86_64-fedora-clang | 0.5-3 | 173.38 | WARN | |||
r-devel-linux-x86_64-fedora-gcc | 0.5-3 | 175.73 | WARN | |||
r-devel-windows-x86_64 | 0.5-3 | 75.00 | 130.00 | 205.00 | OK | |
r-patched-linux-x86_64 | 0.5-3 | 17.95 | 81.24 | 99.19 | OK | |
r-release-linux-x86_64 | 0.5-3 | 16.05 | 80.29 | 96.34 | OK | |
r-release-macos-arm64 | 0.5-3 | 20.00 | ERROR | |||
r-release-macos-x86_64 | 0.5-3 | 17.00 | ERROR | |||
r-release-windows-x86_64 | 0.5-3 | 126.00 | 131.00 | 257.00 | OK | |
r-oldrel-macos-arm64 | 0.5-3 | 20.00 | ERROR | |||
r-oldrel-macos-x86_64 | 0.5-3 | 21.00 | ERROR | |||
r-oldrel-windows-x86_64 | 0.5-3 | 69.00 | 130.00 | 199.00 | OK |
Version: 0.5-3
Check: whether the namespace can be unloaded cleanly
Result: WARN
---- unloading
[gannet:1597952:0:1597952] Caught signal 11 (Segmentation fault: address not mapped to object at address 0x7f092ddb6960)
Flavor: r-devel-linux-x86_64-fedora-clang
Version: 0.5-3
Check: whether the namespace can be unloaded cleanly
Result: WARN
---- unloading
[gannet:3989789:0:3989789] Caught signal 11 (Segmentation fault: address not mapped to object at address 0x7f3f0c5b6960)
Flavor: r-devel-linux-x86_64-fedora-gcc
Version: 0.5-3
Check: whether package can be installed
Result: ERROR
Installation failed.
Flavors: r-release-macos-arm64, r-release-macos-x86_64, r-oldrel-macos-arm64, r-oldrel-macos-x86_64