Last updated on 2023-09-28 11:55:40 CEST.
Flavor | Version | Tinstall | Tcheck | Ttotal | Status | Flags |
---|---|---|---|---|---|---|
r-devel-linux-x86_64-debian-clang | 0.4.0 | 141.45 | 328.00 | 469.45 | OK | |
r-devel-linux-x86_64-debian-gcc | 0.4.0 | 106.16 | 248.23 | 354.39 | OK | |
r-devel-linux-x86_64-fedora-clang | 0.4.0 | 587.32 | NOTE | |||
r-devel-linux-x86_64-fedora-gcc | 0.4.0 | 600.12 | OK | |||
r-devel-windows-x86_64 | 0.4.0 | 114.00 | 417.00 | 531.00 | NOTE | |
r-patched-linux-x86_64 | 0.4.0 | 166.92 | 314.98 | 481.90 | OK | |
r-release-linux-x86_64 | 0.4.0 | 126.92 | 317.91 | 444.83 | OK | |
r-release-macos-arm64 | 0.4.0 | 144.00 | NOTE | |||
r-release-macos-x86_64 | 0.4.0 | 282.00 | NOTE | |||
r-release-windows-x86_64 | 0.4.0 | 155.00 | 474.00 | 629.00 | NOTE | |
r-oldrel-macos-arm64 | 0.4.0 | 115.00 | NOTE | |||
r-oldrel-macos-x86_64 | 0.4.0 | 148.00 | NOTE | |||
r-oldrel-windows-x86_64 | 0.4.0 | 153.00 | 206.00 | 359.00 | NOTE |
Version: 0.4.0
Check: installed package size
Result: NOTE
installed size is 5.8Mb
sub-directories of 1Mb or more:
R 2.5Mb
help 3.1Mb
Flavors: r-devel-linux-x86_64-fedora-clang, r-devel-windows-x86_64, r-release-macos-arm64, r-release-macos-x86_64, r-release-windows-x86_64, r-oldrel-macos-arm64, r-oldrel-macos-x86_64, r-oldrel-windows-x86_64