Last updated on 2024-04-19 11:56:55 CEST.
Flavor | Version | Tinstall | Tcheck | Ttotal | Status | Flags |
---|---|---|---|---|---|---|
r-devel-linux-x86_64-debian-clang | 0.5.0 | 151.60 | 391.05 | 542.65 | OK | |
r-devel-linux-x86_64-debian-gcc | 0.5.0 | OK | ||||
r-devel-linux-x86_64-fedora-clang | 0.5.0 | 680.16 | NOTE | |||
r-devel-linux-x86_64-fedora-gcc | 0.5.0 | 648.61 | OK | |||
r-prerel-macos-arm64 | 0.5.0 | 159.00 | NOTE | |||
r-prerel-windows-x86_64 | 0.5.0 | 132.00 | 471.00 | 603.00 | NOTE | |
r-patched-linux-x86_64 | 0.5.0 | 186.72 | 366.32 | 553.04 | OK | |
r-release-linux-x86_64 | 0.5.0 | 146.30 | 361.34 | 507.64 | OK | |
r-release-macos-arm64 | 0.5.0 | 147.00 | NOTE | |||
r-release-macos-x86_64 | 0.5.0 | 289.00 | NOTE | |||
r-release-windows-x86_64 | 0.5.0 | 175.00 | 537.00 | 712.00 | NOTE | |
r-oldrel-macos-arm64 | 0.5.0 | 120.00 | NOTE | |||
r-oldrel-windows-x86_64 | 0.5.0 | 171.00 | 212.00 | 383.00 | NOTE |
Version: 0.5.0
Check: installed package size
Result: NOTE
installed size is 6.4Mb
sub-directories of 1Mb or more:
R 2.8Mb
help 3.4Mb
Flavors: r-devel-linux-x86_64-fedora-clang, r-prerel-macos-arm64, r-prerel-windows-x86_64, r-release-macos-arm64, r-release-macos-x86_64, r-release-windows-x86_64, r-oldrel-macos-arm64, r-oldrel-windows-x86_64