Last updated on 2023-09-27 12:02:56 CEST.
Flavor | Version | Tinstall | Tcheck | Ttotal | Status | Flags |
---|---|---|---|---|---|---|
r-devel-linux-x86_64-debian-clang | 0.4.0 | 134.84 | 293.50 | 428.34 | OK | |
r-devel-linux-x86_64-debian-gcc | 0.4.0 | 122.18 | 212.40 | 334.58 | OK | |
r-devel-linux-x86_64-fedora-clang | 0.4.0 | 538.67 | OK | |||
r-devel-linux-x86_64-fedora-gcc | 0.4.0 | 545.15 | OK | |||
r-devel-windows-x86_64 | 0.4.0 | 103.00 | 356.00 | 459.00 | OK | |
r-patched-linux-x86_64 | 0.4.0 | 155.27 | 276.14 | 431.41 | OK | |
r-release-linux-x86_64 | 0.4.0 | 128.07 | 276.59 | 404.66 | OK | |
r-release-macos-arm64 | 0.4.0 | 134.00 | NOTE | |||
r-release-macos-x86_64 | 0.4.0 | 270.00 | NOTE | |||
r-release-windows-x86_64 | 0.4.0 | 151.00 | 399.00 | 550.00 | OK | |
r-oldrel-macos-arm64 | 0.4.0 | 113.00 | NOTE | |||
r-oldrel-macos-x86_64 | 0.4.0 | 147.00 | OK | |||
r-oldrel-windows-x86_64 | 0.4.0 | 151.00 | 185.00 | 336.00 | OK |
Version: 0.4.0
Check: installed package size
Result: NOTE
installed size is 6.3Mb
sub-directories of 1Mb or more:
R 3.1Mb
help 3.0Mb
Flavors: r-release-macos-arm64, r-release-macos-x86_64, r-oldrel-macos-arm64