Last updated on 2024-04-17 10:41:44 CEST.
Flavor | Version | Tinstall | Tcheck | Ttotal | Status | Flags |
---|---|---|---|---|---|---|
r-devel-linux-x86_64-debian-clang | 1.0.0 | 67.97 | 102.93 | 170.90 | NOTE | |
r-devel-linux-x86_64-debian-gcc | 1.0.0 | 48.58 | 76.00 | 124.58 | NOTE | |
r-devel-linux-x86_64-fedora-clang | 1.0.0 | 231.45 | NOTE | |||
r-devel-linux-x86_64-fedora-gcc | 1.0.0 | 420.87 | NOTE | |||
r-prerel-macos-arm64 | 1.0.0 | 96.00 | NOTE | |||
r-prerel-windows-x86_64 | 1.0.0 | 58.00 | 114.00 | 172.00 | NOTE | |
r-patched-linux-x86_64 | 1.0.0 | 60.26 | 95.63 | 155.89 | NOTE | |
r-release-linux-x86_64 | 1.0.0 | 56.19 | 95.71 | 151.90 | NOTE | |
r-release-macos-arm64 | 1.0.0 | 116.00 | NOTE | |||
r-release-macos-x86_64 | 1.0.0 | 177.00 | NOTE | |||
r-release-windows-x86_64 | 1.0.0 | 73.00 | 132.00 | 205.00 | NOTE | |
r-oldrel-macos-arm64 | 1.0.0 | 106.00 | NOTE | |||
r-oldrel-windows-x86_64 | 1.0.0 | 66.00 | 128.00 | 194.00 | NOTE |
Version: 1.0.0
Check: C++ specification
Result: NOTE
Specified C++11: please drop specification unless essential
Flavors: r-devel-linux-x86_64-debian-clang, r-devel-linux-x86_64-debian-gcc, r-devel-linux-x86_64-fedora-clang, r-devel-linux-x86_64-fedora-gcc, r-prerel-macos-arm64, r-prerel-windows-x86_64, r-patched-linux-x86_64, r-release-linux-x86_64, r-release-macos-arm64, r-release-macos-x86_64, r-release-windows-x86_64
Version: 1.0.0
Check: for GNU extensions in Makefiles
Result: NOTE
GNU make is a SystemRequirements.
Flavors: r-devel-linux-x86_64-debian-clang, r-devel-linux-x86_64-debian-gcc, r-devel-linux-x86_64-fedora-clang, r-devel-linux-x86_64-fedora-gcc, r-prerel-macos-arm64, r-prerel-windows-x86_64, r-patched-linux-x86_64, r-release-linux-x86_64, r-release-macos-arm64, r-release-macos-x86_64, r-release-windows-x86_64, r-oldrel-macos-arm64, r-oldrel-windows-x86_64