Last updated on 2024-04-26 12:54:44 CEST.
Flavor | Version | Tinstall | Tcheck | Ttotal | Status | Flags |
---|---|---|---|---|---|---|
r-devel-linux-x86_64-debian-clang | 2.0.7 | 9.68 | 286.22 | 295.90 | OK | |
r-devel-linux-x86_64-debian-gcc | 2.0.7 | 6.80 | 217.15 | 223.95 | OK | |
r-devel-linux-x86_64-fedora-clang | 2.0.7 | 398.92 | NOTE | |||
r-devel-linux-x86_64-fedora-gcc | 2.0.7 | 346.73 | OK | |||
r-devel-windows-x86_64 | 2.0.7 | 9.00 | 197.00 | 206.00 | NOTE | |
r-patched-linux-x86_64 | 2.0.7 | 15.32 | 281.27 | 296.59 | OK | |
r-release-linux-x86_64 | 2.0.7 | 6.34 | 278.22 | 284.56 | OK | |
r-release-macos-arm64 | 2.0.7 | 81.00 | NOTE | |||
r-release-macos-x86_64 | 2.0.7 | 194.00 | NOTE | |||
r-release-windows-x86_64 | 2.0.7 | 11.00 | 193.00 | 204.00 | NOTE | |
r-oldrel-macos-arm64 | 2.0.7 | 70.00 | NOTE | |||
r-oldrel-macos-x86_64 | 2.0.7 | 171.00 | NOTE | |||
r-oldrel-windows-x86_64 | 2.0.7 | 13.00 | 236.00 | 249.00 | NOTE |
Version: 2.0.7
Check: installed package size
Result: NOTE
installed size is 5.6Mb
sub-directories of 1Mb or more:
doc 5.2Mb
Flavors: r-devel-linux-x86_64-fedora-clang, r-devel-windows-x86_64, r-release-macos-arm64, r-release-macos-x86_64, r-release-windows-x86_64, r-oldrel-macos-arm64, r-oldrel-macos-x86_64, r-oldrel-windows-x86_64