CRAN Package Check Results for Package pathfindR

Last updated on 2025-06-22 11:49:46 CEST.

Flavor Version Tinstall Tcheck Ttotal Status Flags
r-devel-linux-x86_64-debian-clang 2.5.0 11.37 257.87 269.24 OK
r-devel-linux-x86_64-debian-gcc 2.5.0 6.06 174.34 180.40 OK
r-devel-linux-x86_64-fedora-clang 2.5.0 399.44 OK
r-devel-linux-x86_64-fedora-gcc 2.5.0 402.98 OK
r-devel-windows-x86_64 2.5.0 13.00 265.00 278.00 OK
r-patched-linux-x86_64 2.5.0 11.24 239.08 250.32 OK
r-release-linux-x86_64 2.5.0 10.15 243.48 253.63 OK
r-release-macos-arm64 2.5.0 5.00 FAIL
r-release-macos-x86_64 2.5.0 245.00 OK
r-release-windows-x86_64 2.5.0 13.00 266.00 279.00 OK
r-oldrel-macos-arm64 2.5.0 10.00 ERROR
r-oldrel-macos-x86_64 2.5.0 11.00 ERROR
r-oldrel-windows-x86_64 2.5.0 20.00 364.00 384.00 OK

Check Details

Version: 2.5.0
Check: package dependencies
Result: FAIL
Flavor: r-release-macos-arm64

Version: 2.5.0
Check: package dependencies
Result: ERROR Package required and available but unsuitable version: ‘ggkegg’ See section ‘The DESCRIPTION file’ in the ‘Writing R Extensions’ manual. Flavor: r-oldrel-macos-arm64

Version: 2.5.0
Check: package dependencies
Result: ERROR Package required but not available: ‘ggkegg’ See section ‘The DESCRIPTION file’ in the ‘Writing R Extensions’ manual. Flavor: r-oldrel-macos-x86_64