CRAN Package Check Results for Package patPRO

Last updated on 2022-06-29 11:52:16 CEST.

Flavor Version Tinstall Tcheck Ttotal Status Flags
r-devel-linux-x86_64-debian-clang 1.1.0 6.12 66.99 73.11 NOTE
r-devel-linux-x86_64-debian-gcc 1.1.0 5.13 49.66 54.79 NOTE
r-devel-linux-x86_64-fedora-clang 1.1.0 97.70 NOTE
r-devel-linux-x86_64-fedora-gcc 1.1.0 94.11 NOTE
r-devel-windows-x86_64 1.1.0 15.00 92.00 107.00 NOTE
r-patched-linux-x86_64 1.1.0 6.89 61.40 68.29 NOTE
r-release-linux-x86_64 1.1.0 5.60 61.96 67.56 NOTE
r-release-macos-arm64 1.1.0 29.00 NOTE
r-release-macos-x86_64 1.1.0 51.00 NOTE
r-release-windows-x86_64 1.1.0 16.00 92.00 108.00 NOTE
r-oldrel-macos-arm64 1.1.0 30.00 NOTE
r-oldrel-macos-x86_64 1.1.0 44.00 NOTE
r-oldrel-windows-ix86+x86_64 1.1.0 17.00 83.00 100.00 NOTE

Check Details

Version: 1.1.0
Check: DESCRIPTION meta-information
Result: NOTE
    Checking should be performed on sources prepared by 'R CMD build'.
Flavors: r-devel-linux-x86_64-debian-clang, r-devel-linux-x86_64-debian-gcc, r-devel-linux-x86_64-fedora-clang, r-devel-linux-x86_64-fedora-gcc, r-devel-windows-x86_64, r-patched-linux-x86_64, r-release-linux-x86_64, r-release-macos-arm64, r-release-macos-x86_64, r-release-windows-x86_64, r-oldrel-macos-arm64, r-oldrel-macos-x86_64, r-oldrel-windows-ix86+x86_64