Last updated on 2025-04-29 12:52:44 CEST.
Flavor | Version | Tinstall | Tcheck | Ttotal | Status | Flags |
---|---|---|---|---|---|---|
r-devel-linux-x86_64-debian-clang | 1.0-0 | 1.39 | 15.51 | 16.90 | NOTE | |
r-devel-linux-x86_64-debian-gcc | 1.0-0 | 1.30 | 12.72 | 14.02 | NOTE | |
r-devel-linux-x86_64-fedora-clang | 1.0-0 | 27.82 | OK | |||
r-devel-linux-x86_64-fedora-gcc | 1.0-0 | 26.15 | OK | |||
r-devel-windows-x86_64 | 1.0-0 | 2.00 | 34.00 | 36.00 | OK | |
r-patched-linux-x86_64 | 1.0-0 | 1.55 | 14.88 | 16.43 | OK | |
r-release-linux-x86_64 | 1.0-0 | 1.42 | 14.93 | 16.35 | OK | |
r-release-macos-arm64 | 1.0-0 | 18.00 | OK | |||
r-release-macos-x86_64 | 1.0-0 | 26.00 | OK | |||
r-release-windows-x86_64 | 1.0-0 | 3.00 | 36.00 | 39.00 | OK | |
r-oldrel-macos-arm64 | 1.0-0 | 13.00 | OK | |||
r-oldrel-macos-x86_64 | 1.0-0 | 19.00 | OK | |||
r-oldrel-windows-x86_64 | 1.0-0 | 2.00 | 32.00 | 34.00 | OK |
Version: 1.0-0
Check: CRAN incoming feasibility
Result: NOTE
Maintainer: ‘Enrico Schumann <es@enricoschumann.net>’
No Authors@R field in DESCRIPTION.
Please add one, modifying
Authors@R: person(given = "Enrico",
family = "Schumann",
role = c("aut", "cre"),
email = "es@enricoschumann.net")
as necessary.
Flavors: r-devel-linux-x86_64-debian-clang, r-devel-linux-x86_64-debian-gcc