CRAN Package Check Results for Package partR2

Last updated on 2022-06-29 11:52:16 CEST.

Flavor Version Tinstall Tcheck Ttotal Status Flags
r-devel-linux-x86_64-debian-clang 0.9.1 5.49 196.88 202.37 OK
r-devel-linux-x86_64-debian-gcc 0.9.1 2.89 146.76 149.65 OK
r-devel-linux-x86_64-fedora-clang 0.9.1 245.84 NOTE
r-devel-linux-x86_64-fedora-gcc 0.9.1 247.32 NOTE
r-devel-windows-x86_64 0.9.1 27.00 227.00 254.00 OK
r-patched-linux-x86_64 0.9.1 4.82 191.86 196.68 OK
r-release-linux-x86_64 0.9.1 4.65 188.75 193.40 OK
r-release-macos-arm64 0.9.1 60.00 NOTE
r-release-macos-x86_64 0.9.1 108.00 NOTE
r-release-windows-x86_64 0.9.1 25.00 228.00 253.00 OK
r-oldrel-macos-arm64 0.9.1 82.00 NOTE
r-oldrel-macos-x86_64 0.9.1 110.00 NOTE
r-oldrel-windows-ix86+x86_64 0.9.1 11.00 243.00 254.00 OK

Check Details

Version: 0.9.1
Check: dependencies in R code
Result: NOTE
    Namespace in Imports field not imported from: ‘methods’
     All declared Imports should be used.
Flavors: r-devel-linux-x86_64-fedora-clang, r-devel-linux-x86_64-fedora-gcc, r-release-macos-arm64, r-release-macos-x86_64, r-oldrel-macos-arm64, r-oldrel-macos-x86_64