Last updated on 2022-07-01 11:52:06 CEST.
Flavor | Version | Tinstall | Tcheck | Ttotal | Status | Flags |
---|---|---|---|---|---|---|
r-devel-linux-x86_64-debian-clang | 0.1.0 | 11.91 | 114.32 | 126.23 | OK | |
r-devel-linux-x86_64-debian-gcc | 0.1.0 | 7.81 | 84.94 | 92.75 | OK | |
r-devel-linux-x86_64-fedora-clang | 0.1.0 | 158.98 | NOTE | |||
r-devel-linux-x86_64-fedora-gcc | 0.1.0 | 155.29 | NOTE | |||
r-devel-windows-x86_64 | 0.1.0 | 28.00 | 133.00 | 161.00 | OK | |
r-patched-linux-x86_64 | 0.1.0 | 9.03 | 105.90 | 114.93 | OK | |
r-release-linux-x86_64 | 0.1.0 | 9.80 | 108.09 | 117.89 | OK | |
r-release-macos-arm64 | 0.1.0 | 34.00 | NOTE | |||
r-release-macos-x86_64 | 0.1.0 | 86.00 | NOTE | |||
r-release-windows-x86_64 | 0.1.0 | 34.00 | 135.00 | 169.00 | OK | |
r-oldrel-macos-arm64 | 0.1.0 | 61.00 | NOTE | |||
r-oldrel-macos-x86_64 | 0.1.0 | 61.00 | NOTE | |||
r-oldrel-windows-ix86+x86_64 | 0.1.0 | 27.00 | 135.00 | 162.00 | OK |
Version: 0.1.0
Check: dependencies in R code
Result: NOTE
Namespace in Imports field not imported from: ‘flexsurv’
All declared Imports should be used.
Flavors: r-devel-linux-x86_64-fedora-clang, r-devel-linux-x86_64-fedora-gcc, r-release-macos-arm64, r-release-macos-x86_64, r-oldrel-macos-arm64, r-oldrel-macos-x86_64