CRAN Package Check Results for Package parlitools

Last updated on 2022-07-01 11:52:06 CEST.

Flavor Version Tinstall Tcheck Ttotal Status Flags
r-devel-linux-x86_64-debian-clang 0.4.1 10.39 93.25 103.64 OK
r-devel-linux-x86_64-debian-gcc 0.4.1 8.95 68.32 77.27 OK
r-devel-linux-x86_64-fedora-clang 0.4.1 129.69 NOTE
r-devel-linux-x86_64-fedora-gcc 0.4.1 126.60 NOTE
r-devel-windows-x86_64 0.4.1 35.00 127.00 162.00 OK
r-patched-linux-x86_64 0.4.1 11.19 87.48 98.67 OK
r-release-linux-x86_64 0.4.1 10.08 88.15 98.23 OK
r-release-macos-arm64 0.4.1 28.00 NOTE
r-release-macos-x86_64 0.4.1 71.00 NOTE
r-release-windows-x86_64 0.4.1 31.00 124.00 155.00 OK
r-oldrel-macos-arm64 0.4.1 55.00 NOTE
r-oldrel-macos-x86_64 0.4.1 61.00 NOTE
r-oldrel-windows-ix86+x86_64 0.4.1 23.00 116.00 139.00 OK

Check Details

Version: 0.4.1
Check: data for non-ASCII characters
Result: NOTE
     Note: found 16 marked UTF-8 strings
Flavors: r-devel-linux-x86_64-fedora-clang, r-devel-linux-x86_64-fedora-gcc, r-release-macos-arm64, r-release-macos-x86_64, r-oldrel-macos-arm64, r-oldrel-macos-x86_64