Last updated on 2024-03-28 09:51:50 CET.
Flavor | Version | Tinstall | Tcheck | Ttotal | Status | Flags |
---|---|---|---|---|---|---|
r-devel-linux-x86_64-debian-clang | 0.1.7 | 86.17 | 83.81 | 169.98 | NOTE | |
r-devel-linux-x86_64-debian-gcc | 0.1.7 | 77.82 | 63.66 | 141.48 | NOTE | |
r-devel-linux-x86_64-fedora-clang | 0.1.7 | 253.60 | NOTE | |||
r-devel-linux-x86_64-fedora-gcc | 0.1.7 | 271.59 | NOTE | |||
r-devel-windows-x86_64 | 0.1.7 | 77.00 | 95.00 | 172.00 | NOTE | |
r-patched-linux-x86_64 | 0.1.7 | 88.26 | 81.05 | 169.31 | NOTE | |
r-release-linux-x86_64 | 0.1.7 | 87.40 | 83.83 | 171.23 | NOTE | |
r-release-macos-arm64 | 0.1.7 | 73.00 | NOTE | |||
r-release-macos-x86_64 | 0.1.7 | 121.00 | NOTE | |||
r-release-windows-x86_64 | 0.1.7 | 94.00 | 118.00 | 212.00 | NOTE | |
r-oldrel-macos-arm64 | 0.1.7 | 65.00 | OK | |||
r-oldrel-windows-x86_64 | 0.1.7 | 91.00 | 115.00 | 206.00 | OK |
Version: 0.1.7
Check: C++ specification
Result: NOTE
Specified C++11: please drop specification unless essential
Flavors: r-devel-linux-x86_64-debian-clang, r-devel-linux-x86_64-debian-gcc, r-devel-linux-x86_64-fedora-clang, r-devel-linux-x86_64-fedora-gcc, r-devel-windows-x86_64, r-patched-linux-x86_64, r-release-linux-x86_64, r-release-macos-arm64, r-release-macos-x86_64, r-release-windows-x86_64