Last updated on 2022-07-06 12:53:41 CEST.
Flavor | Version | Tinstall | Tcheck | Ttotal | Status | Flags |
---|---|---|---|---|---|---|
r-devel-linux-x86_64-debian-clang | 0.18.1 | 32.08 | 369.20 | 401.28 | NOTE | |
r-devel-linux-x86_64-debian-gcc | 0.18.1 | 20.84 | 257.06 | 277.90 | NOTE | |
r-devel-linux-x86_64-fedora-clang | 0.18.1 | 478.83 | NOTE | |||
r-devel-linux-x86_64-fedora-gcc | 0.18.1 | 510.40 | NOTE | |||
r-devel-windows-x86_64 | 0.18.1 | 273.00 | 394.00 | 667.00 | NOTE | |
r-patched-linux-x86_64 | 0.18.1 | 31.61 | 334.91 | 366.52 | OK | |
r-release-linux-x86_64 | 0.18.1 | 22.22 | 332.89 | 355.11 | NOTE | |
r-release-macos-arm64 | 0.18.1 | 10.00 | ERROR | |||
r-release-macos-x86_64 | 0.18.1 | 152.00 | OK | |||
r-release-windows-x86_64 | 0.18.1 | 150.00 | 410.00 | 560.00 | OK | |
r-oldrel-macos-arm64 | 0.18.1 | 92.00 | OK | |||
r-oldrel-macos-x86_64 | 0.18.1 | 145.00 | OK | |||
r-oldrel-windows-ix86+x86_64 | 0.18.1 | 56.00 | 395.00 | 451.00 | OK |
Version: 0.18.1
Check: Rd files
Result: NOTE
checkRd: (-1) model_parameters.principal.Rd:117: Escaped LaTeX specials: \&
checkRd: (-1) reduce_parameters.Rd:89: Escaped LaTeX specials: \&
Flavors: r-devel-linux-x86_64-debian-clang, r-devel-linux-x86_64-debian-gcc, r-devel-linux-x86_64-fedora-clang, r-devel-linux-x86_64-fedora-gcc, r-devel-windows-x86_64
Version: 0.18.1
Check: package dependencies
Result: NOTE
Package suggested but not available for checking: ‘metaBMA’
Flavor: r-release-linux-x86_64
Version: 0.18.1
Check: package dependencies
Result: ERROR
Packages required and available but unsuitable versions:
'datawizard', 'insight'
See section ‘The DESCRIPTION file’ in the ‘Writing R Extensions’
manual.
Flavor: r-release-macos-arm64