Last updated on 2022-06-26 11:52:39 CEST.
Flavor | Version | Tinstall | Tcheck | Ttotal | Status | Flags |
---|---|---|---|---|---|---|
r-devel-linux-x86_64-debian-clang | 0.1.0 | 20.19 | 140.58 | 160.77 | OK | |
r-devel-linux-x86_64-debian-gcc | 0.1.0 | 14.99 | 104.30 | 119.29 | OK | |
r-devel-linux-x86_64-fedora-clang | 0.1.0 | 200.08 | NOTE | |||
r-devel-linux-x86_64-fedora-gcc | 0.1.0 | 197.40 | NOTE | |||
r-devel-windows-x86_64 | 0.1.0 | 30.00 | 150.00 | 180.00 | OK | |
r-patched-linux-x86_64 | 0.1.0 | 18.14 | 131.85 | 149.99 | OK | |
r-release-linux-x86_64 | 0.1.0 | 12.32 | 133.46 | 145.78 | OK | |
r-release-macos-arm64 | 0.1.0 | 45.00 | NOTE | |||
r-release-macos-x86_64 | 0.1.0 | 86.00 | NOTE | |||
r-release-windows-x86_64 | 0.1.0 | 21.00 | 149.00 | 170.00 | OK | |
r-oldrel-macos-arm64 | 0.1.0 | 47.00 | NOTE | |||
r-oldrel-macos-x86_64 | 0.1.0 | 64.00 | NOTE | |||
r-oldrel-windows-ix86+x86_64 | 0.1.0 | 41.00 | 165.00 | 206.00 | OK |
Version: 0.1.0
Check: dependencies in R code
Result: NOTE
Namespace in Imports field not imported from: ‘DT’
All declared Imports should be used.
Flavors: r-devel-linux-x86_64-fedora-clang, r-devel-linux-x86_64-fedora-gcc, r-release-macos-arm64, r-release-macos-x86_64, r-oldrel-macos-arm64, r-oldrel-macos-x86_64