Last updated on 2024-03-29 09:55:31 CET.
Flavor | Version | Tinstall | Tcheck | Ttotal | Status | Flags |
---|---|---|---|---|---|---|
r-devel-linux-x86_64-debian-clang | 0.1.2.1 | 3.25 | 75.73 | 78.98 | NOTE | |
r-devel-linux-x86_64-debian-gcc | 0.1.2.1 | 3.29 | 56.28 | 59.57 | NOTE | |
r-devel-linux-x86_64-fedora-clang | 0.1.2.1 | 101.74 | NOTE | |||
r-devel-linux-x86_64-fedora-gcc | 0.1.2.1 | 119.39 | NOTE | |||
r-devel-windows-x86_64 | 0.1.2.1 | 5.00 | 81.00 | 86.00 | NOTE | |
r-patched-linux-x86_64 | 0.1.2.1 | 4.63 | 72.23 | 76.86 | NOTE | |
r-release-linux-x86_64 | 0.1.2.1 | 2.50 | 69.08 | 71.58 | OK | |
r-release-macos-arm64 | 0.1.2.1 | 60.00 | OK | |||
r-release-macos-x86_64 | 0.1.2.1 | 117.00 | OK | |||
r-release-windows-x86_64 | 0.1.2.1 | 7.00 | 90.00 | 97.00 | OK | |
r-oldrel-macos-arm64 | 0.1.2.1 | 54.00 | OK | |||
r-oldrel-windows-x86_64 | 0.1.2.1 | 7.00 | 90.00 | 97.00 | OK |
Version: 0.1.2.1
Check: Rd files
Result: NOTE
checkRd: (-1) panelsummary.Rd:112: Lost braces; missing escapes or markup?
112 | \item `"{exp(estimate) * std.error}"
| ^
checkRd: (-1) panelsummary_raw.Rd:90: Lost braces; missing escapes or markup?
90 | \item `"{exp(estimate) * std.error}"
| ^
Flavors: r-devel-linux-x86_64-debian-clang, r-devel-linux-x86_64-debian-gcc, r-devel-linux-x86_64-fedora-clang, r-devel-linux-x86_64-fedora-gcc, r-devel-windows-x86_64, r-patched-linux-x86_64