Last updated on 2024-03-28 09:51:50 CET.
Flavor | Version | Tinstall | Tcheck | Ttotal | Status | Flags |
---|---|---|---|---|---|---|
r-devel-linux-x86_64-debian-clang | 0.7.8 | 20.69 | 316.90 | 337.59 | OK | |
r-devel-linux-x86_64-debian-gcc | 0.7.8 | 15.93 | 232.87 | 248.80 | OK | |
r-devel-linux-x86_64-fedora-clang | 0.7.8 | 442.28 | NOTE | |||
r-devel-linux-x86_64-fedora-gcc | 0.7.8 | 432.86 | OK | |||
r-devel-windows-x86_64 | 0.7.8 | 18.00 | 237.00 | 255.00 | OK | |
r-patched-linux-x86_64 | 0.7.8 | 16.60 | 313.99 | 330.59 | OK | |
r-release-linux-x86_64 | 0.7.8 | 15.47 | 306.51 | 321.98 | OK | |
r-release-macos-arm64 | 0.7.8 | 120.00 | OK | |||
r-release-macos-x86_64 | 0.7.8 | 280.00 | OK | |||
r-release-windows-x86_64 | 0.7.8 | 21.00 | 300.00 | 321.00 | OK | |
r-oldrel-macos-arm64 | 0.7.8 | 112.00 | OK | |||
r-oldrel-windows-x86_64 | 0.7.8 | 24.00 | 302.00 | 326.00 | OK |
Version: 0.7.8
Check: Rd cross-references
Result: NOTE
Undeclared package ‘AER’ in Rd xrefs
Flavor: r-devel-linux-x86_64-fedora-clang