CRAN Package Check Results for Package panelaggregation

Last updated on 2022-06-30 11:53:14 CEST.

Flavor Version Tinstall Tcheck Ttotal Status Flags
r-devel-linux-x86_64-debian-clang 0.1.1 2.67 31.73 34.40 NOTE
r-devel-linux-x86_64-debian-gcc 0.1.1 2.15 24.40 26.55 NOTE
r-devel-linux-x86_64-fedora-clang 0.1.1 52.06 NOTE
r-devel-linux-x86_64-fedora-gcc 0.1.1 51.02 NOTE
r-devel-windows-x86_64 0.1.1 61.00 58.00 119.00 NOTE
r-patched-linux-x86_64 0.1.1 3.67 30.27 33.94 OK
r-release-linux-x86_64 0.1.1 2.02 30.34 32.36 OK
r-release-macos-arm64 0.1.1 17.00 OK
r-release-macos-x86_64 0.1.1 24.00 OK
r-release-windows-x86_64 0.1.1 55.00 53.00 108.00 OK
r-oldrel-macos-arm64 0.1.1 22.00 OK
r-oldrel-macos-x86_64 0.1.1 29.00 OK
r-oldrel-windows-ix86+x86_64 0.1.1 7.00 48.00 55.00 OK

Check Details

Version: 0.1.1
Check: Rd files
Result: NOTE
    checkRd: (-1) btsdemo.Rd:22: Escaped LaTeX specials: \_
    checkRd: (-1) btsdemo.Rd:23: Escaped LaTeX specials: \_
    checkRd: (-1) btsdemo.Rd:24: Escaped LaTeX specials: \_
    checkRd: (-1) btsdemo.Rd:25: Escaped LaTeX specials: \_
    checkRd: (-1) btsdemo.Rd:26: Escaped LaTeX specials: \_
    checkRd: (-1) btsdemo.Rd:30: Escaped LaTeX specials: \_
Flavors: r-devel-linux-x86_64-debian-clang, r-devel-linux-x86_64-debian-gcc, r-devel-linux-x86_64-fedora-clang, r-devel-linux-x86_64-fedora-gcc, r-devel-windows-x86_64