CRAN Package Check Results for Package panelWranglR

Last updated on 2022-07-01 11:52:06 CEST.

Flavor Version Tinstall Tcheck Ttotal Status Flags
r-devel-linux-x86_64-debian-clang 1.2.13 17.25 170.53 187.78 NOTE
r-devel-linux-x86_64-debian-gcc 1.2.13 14.22 129.09 143.31 NOTE
r-devel-linux-x86_64-fedora-clang 1.2.13 228.15 NOTE
r-devel-linux-x86_64-fedora-gcc 1.2.13 224.64 NOTE
r-devel-windows-x86_64 1.2.13 29.00 196.00 225.00 NOTE
r-patched-linux-x86_64 1.2.13 12.65 161.66 174.31 NOTE
r-release-linux-x86_64 1.2.13 11.17 161.56 172.73 NOTE
r-release-macos-arm64 1.2.13 65.00 NOTE
r-release-macos-x86_64 1.2.13 111.00 NOTE
r-release-windows-x86_64 1.2.13 30.00 200.00 230.00 NOTE
r-oldrel-macos-arm64 1.2.13 66.00 NOTE
r-oldrel-macos-x86_64 1.2.13 116.00 NOTE
r-oldrel-windows-ix86+x86_64 1.2.13 38.00 188.00 226.00 NOTE

Check Details

Version: 1.2.13
Check: LazyData
Result: NOTE
     'LazyData' is specified without a 'data' directory
Flavors: r-devel-linux-x86_64-debian-clang, r-devel-linux-x86_64-debian-gcc, r-devel-linux-x86_64-fedora-clang, r-devel-linux-x86_64-fedora-gcc, r-devel-windows-x86_64, r-patched-linux-x86_64, r-release-linux-x86_64, r-release-macos-arm64, r-release-macos-x86_64, r-release-windows-x86_64, r-oldrel-macos-arm64, r-oldrel-macos-x86_64, r-oldrel-windows-ix86+x86_64